{"id":1112,"date":"2025-04-18T04:01:30","date_gmt":"2025-04-18T02:01:30","guid":{"rendered":"https:\/\/www.regionalis.shop\/alte-faeden\/product\/handgestickter-anhaenger-mit-enzian-oval\/"},"modified":"2025-10-30T14:56:04","modified_gmt":"2025-10-30T13:56:04","slug":"handgestickter-anhaenger-mit-enzian-oval","status":"publish","type":"product","link":"https:\/\/www.regionalis.shop\/alte-faeden\/shop\/handgestickter-anhaenger-mit-enzian-oval\/","title":{"rendered":"handgestickter Anh\u00e4nger mit Enzian, oval"},"content":{"rendered":"<ul>\n<li>handgestickt mit echten pflanzlich gef\u00e4rbten Seidenf\u00e4den auf wei\u00dfem Leinenstoff<\/li>\n<li>Gr\u00f6\u00dfe inkl. \u00d6se: 5,5 x 3 cm<\/li>\n<li>inklusive Lederband mit Verschluss (L\u00e4nge verstellbar von 45 &#8211; 49 cm)<\/li>\n<\/ul>\n","protected":false},"excerpt":{"rendered":"<p>Silberfarbener Ketten-Anh\u00e4nger mit blauem Enzian-Motiv.<\/p>\n","protected":false},"featured_media":1113,"template":"","meta":{"_acf_changed":false},"product_brand":[],"product_cat":[108,70],"product_tag":[],"class_list":{"0":"post-1112","1":"product","2":"type-product","3":"status-publish","4":"has-post-thumbnail","6":"product_cat-anhaenger","7":"product_cat-schmuck","9":"first","10":"instock","11":"purchasable","12":"product-type-simple"},"acf":[],"_links":{"self":[{"href":"https:\/\/www.regionalis.shop\/alte-faeden\/wp-json\/wp\/v2\/product\/1112","targetHints":{"allow":["GET"]}}],"collection":[{"href":"https:\/\/www.regionalis.shop\/alte-faeden\/wp-json\/wp\/v2\/product"}],"about":[{"href":"https:\/\/www.regionalis.shop\/alte-faeden\/wp-json\/wp\/v2\/types\/product"}],"wp:featuredmedia":[{"embeddable":true,"href":"https:\/\/www.regionalis.shop\/alte-faeden\/wp-json\/wp\/v2\/media\/1113"}],"wp:attachment":[{"href":"https:\/\/www.regionalis.shop\/alte-faeden\/wp-json\/wp\/v2\/media?parent=1112"}],"wp:term":[{"taxonomy":"product_brand","embeddable":true,"href":"https:\/\/www.regionalis.shop\/alte-faeden\/wp-json\/wp\/v2\/product_brand?post=1112"},{"taxonomy":"product_cat","embeddable":true,"href":"https:\/\/www.regionalis.shop\/alte-faeden\/wp-json\/wp\/v2\/product_cat?post=1112"},{"taxonomy":"product_tag","embeddable":true,"href":"https:\/\/www.regionalis.shop\/alte-faeden\/wp-json\/wp\/v2\/product_tag?post=1112"}],"curies":[{"name":"wp","href":"https:\/\/api.w.org\/{rel}","templated":true}]}}