{"id":1123,"date":"2025-04-18T04:01:30","date_gmt":"2025-04-18T02:01:30","guid":{"rendered":"https:\/\/www.regionalis.shop\/alte-faeden\/product\/blau-weisse-brosche-mit-zaehlmuster-bayernliebe\/"},"modified":"2025-11-04T09:42:00","modified_gmt":"2025-11-04T08:42:00","slug":"blau-weisse-brosche-mit-zaehlmuster-bayernliebe","status":"publish","type":"product","link":"https:\/\/www.regionalis.shop\/alte-faeden\/shop\/blau-weisse-brosche-mit-zaehlmuster-bayernliebe\/","title":{"rendered":"blau-wei\u00dfe Brosche mit Z\u00e4hlmuster &#8222;Bayernliebe&#8220;"},"content":{"rendered":"<ul>\n<li>bronzefarbene Brosche mit einem historischem Z\u00e4hlmuster aus dem 14. Jahrhundert<\/li>\n<li>handgestickt mit echten pflanzlich gef\u00e4rbten Wollf\u00e4den<\/li>\n<li>Durchmesser 4 Zentimeter;<\/li>\n<\/ul>\n","protected":false},"excerpt":{"rendered":"<p>bronzefarbene Brosche mit einem historischem Z\u00e4hlmuster aus dem 14. Jahrhundert handgestickt mit echten pflanzlich gef\u00e4rbten Wollf\u00e4den Durchmesser 4 Zentimeter;<\/p>\n","protected":false},"featured_media":1124,"template":"","meta":{"_acf_changed":false},"product_brand":[],"product_cat":[118,70],"product_tag":[],"class_list":{"0":"post-1123","1":"product","2":"type-product","3":"status-publish","4":"has-post-thumbnail","6":"product_cat-broschen","7":"product_cat-schmuck","9":"first","10":"instock","11":"purchasable","12":"product-type-simple"},"acf":[],"_links":{"self":[{"href":"https:\/\/www.regionalis.shop\/alte-faeden\/wp-json\/wp\/v2\/product\/1123","targetHints":{"allow":["GET"]}}],"collection":[{"href":"https:\/\/www.regionalis.shop\/alte-faeden\/wp-json\/wp\/v2\/product"}],"about":[{"href":"https:\/\/www.regionalis.shop\/alte-faeden\/wp-json\/wp\/v2\/types\/product"}],"wp:featuredmedia":[{"embeddable":true,"href":"https:\/\/www.regionalis.shop\/alte-faeden\/wp-json\/wp\/v2\/media\/1124"}],"wp:attachment":[{"href":"https:\/\/www.regionalis.shop\/alte-faeden\/wp-json\/wp\/v2\/media?parent=1123"}],"wp:term":[{"taxonomy":"product_brand","embeddable":true,"href":"https:\/\/www.regionalis.shop\/alte-faeden\/wp-json\/wp\/v2\/product_brand?post=1123"},{"taxonomy":"product_cat","embeddable":true,"href":"https:\/\/www.regionalis.shop\/alte-faeden\/wp-json\/wp\/v2\/product_cat?post=1123"},{"taxonomy":"product_tag","embeddable":true,"href":"https:\/\/www.regionalis.shop\/alte-faeden\/wp-json\/wp\/v2\/product_tag?post=1123"}],"curies":[{"name":"wp","href":"https:\/\/api.w.org\/{rel}","templated":true}]}}