{"id":1132,"date":"2025-04-18T03:05:25","date_gmt":"2025-04-18T01:05:25","guid":{"rendered":"https:\/\/www.regionalis.shop\/alte-faeden\/product\/schwarzer-handgestickter-schmuck-anhaenger-mit-bluemchen-25-cm-durchmesser\/"},"modified":"2025-10-30T15:00:03","modified_gmt":"2025-10-30T14:00:03","slug":"schwarzer-handgestickter-schmuck-anhaenger-mit-bluemchen-25-cm-durchmesser","status":"publish","type":"product","link":"https:\/\/www.regionalis.shop\/alte-faeden\/shop\/schwarzer-handgestickter-schmuck-anhaenger-mit-bluemchen-25-cm-durchmesser\/","title":{"rendered":"schwarzer handgestickter Schmuck-Anh\u00e4nger mit Bl\u00fcmchen \/ 2,5 cm Durchmesser"},"content":{"rendered":"<ul>\n<li>handgestickt mit echter pflanzlich gef\u00e4rbter Seide auf schwarzem Leinenstoff<\/li>\n<li>Farbe der Bl\u00fcmchen w\u00e4hlbar (Gr\u00fcnt\u00f6ne, Lilat\u00f6ne)<\/li>\n<li>Durchmesser: 2,5 cm<\/li>\n<li>inklusive Lederband mit Verschluss (L\u00e4nge verstellbar von 45 &#8211; 49 cm)<\/li>\n<li>Bilder sind Beispielbilder &#8211; jedes St\u00fcck ist ein Unikat!<\/li>\n<\/ul>\n","protected":false},"excerpt":{"rendered":"<p>Kleiner silberfarbener Kettenanh\u00e4nger mit zarten Streubl\u00fcmchen.<\/p>\n","protected":false},"featured_media":1133,"template":"","meta":{"_acf_changed":false},"product_brand":[],"product_cat":[108,70],"product_tag":[],"class_list":{"0":"post-1132","1":"product","2":"type-product","3":"status-publish","4":"has-post-thumbnail","6":"product_cat-anhaenger","7":"product_cat-schmuck","9":"first","10":"instock","11":"purchasable","12":"product-type-simple"},"acf":[],"_links":{"self":[{"href":"https:\/\/www.regionalis.shop\/alte-faeden\/wp-json\/wp\/v2\/product\/1132","targetHints":{"allow":["GET"]}}],"collection":[{"href":"https:\/\/www.regionalis.shop\/alte-faeden\/wp-json\/wp\/v2\/product"}],"about":[{"href":"https:\/\/www.regionalis.shop\/alte-faeden\/wp-json\/wp\/v2\/types\/product"}],"wp:featuredmedia":[{"embeddable":true,"href":"https:\/\/www.regionalis.shop\/alte-faeden\/wp-json\/wp\/v2\/media\/1133"}],"wp:attachment":[{"href":"https:\/\/www.regionalis.shop\/alte-faeden\/wp-json\/wp\/v2\/media?parent=1132"}],"wp:term":[{"taxonomy":"product_brand","embeddable":true,"href":"https:\/\/www.regionalis.shop\/alte-faeden\/wp-json\/wp\/v2\/product_brand?post=1132"},{"taxonomy":"product_cat","embeddable":true,"href":"https:\/\/www.regionalis.shop\/alte-faeden\/wp-json\/wp\/v2\/product_cat?post=1132"},{"taxonomy":"product_tag","embeddable":true,"href":"https:\/\/www.regionalis.shop\/alte-faeden\/wp-json\/wp\/v2\/product_tag?post=1132"}],"curies":[{"name":"wp","href":"https:\/\/api.w.org\/{rel}","templated":true}]}}