{"id":1078,"date":"2025-04-18T06:40:50","date_gmt":"2025-04-18T04:40:50","guid":{"rendered":"https:\/\/www.regionalis.shop\/artstube\/product\/liebe-friede\/"},"modified":"2025-04-18T06:40:50","modified_gmt":"2025-04-18T04:40:50","slug":"liebe-friede","status":"publish","type":"product","link":"https:\/\/www.regionalis.shop\/artstube\/shop\/liebe-friede\/","title":{"rendered":"Liebe &#038; Friede"},"content":{"rendered":"<p>Karte Liebe f\u00fcr dich<br \/>\nmit gepr\u00e4gtem Herz<br \/>\nca 70x80mm; 350 g Papier<br \/>\n&#8218;peace-Stempel&#8216; auf der R\u00fcckseite<\/p>\n<p>f\u00fcr mehr Liebe &#038; Friede auf dieser Welt<\/p>\n<p>*der Erl\u00f6s dieser Karten ist f\u00fcr einen caritativen Zweck*<\/p>\n","protected":false},"excerpt":{"rendered":"<p>Karte Liebe f\u00fcr dich mit gepr\u00e4gtem Herz ca 70x80mm; 350 g Papier &#8218;peace-Stempel&#8216; auf der R\u00fcckseite f\u00fcr mehr Liebe &#038; Friede auf dieser Welt *der Erl\u00f6s dieser Karten ist f\u00fcr einen caritativen Zweck*<\/p>\n","protected":false},"featured_media":1079,"template":"","meta":{"_acf_changed":false},"product_brand":[],"product_cat":[162,83],"product_tag":[],"class_list":{"0":"post-1078","1":"product","2":"type-product","3":"status-publish","4":"has-post-thumbnail","6":"product_cat-null","7":"product_cat-sonstiges","9":"first","10":"instock","11":"purchasable","12":"product-type-simple"},"acf":[],"_links":{"self":[{"href":"https:\/\/www.regionalis.shop\/artstube\/wp-json\/wp\/v2\/product\/1078","targetHints":{"allow":["GET"]}}],"collection":[{"href":"https:\/\/www.regionalis.shop\/artstube\/wp-json\/wp\/v2\/product"}],"about":[{"href":"https:\/\/www.regionalis.shop\/artstube\/wp-json\/wp\/v2\/types\/product"}],"wp:featuredmedia":[{"embeddable":true,"href":"https:\/\/www.regionalis.shop\/artstube\/wp-json\/wp\/v2\/media\/1079"}],"wp:attachment":[{"href":"https:\/\/www.regionalis.shop\/artstube\/wp-json\/wp\/v2\/media?parent=1078"}],"wp:term":[{"taxonomy":"product_brand","embeddable":true,"href":"https:\/\/www.regionalis.shop\/artstube\/wp-json\/wp\/v2\/product_brand?post=1078"},{"taxonomy":"product_cat","embeddable":true,"href":"https:\/\/www.regionalis.shop\/artstube\/wp-json\/wp\/v2\/product_cat?post=1078"},{"taxonomy":"product_tag","embeddable":true,"href":"https:\/\/www.regionalis.shop\/artstube\/wp-json\/wp\/v2\/product_tag?post=1078"}],"curies":[{"name":"wp","href":"https:\/\/api.w.org\/{rel}","templated":true}]}}