{"id":1056,"date":"2025-04-18T10:54:36","date_gmt":"2025-04-18T08:54:36","guid":{"rendered":"https:\/\/www.regionalis.shop\/atelier-peiger\/product\/fruehlingswiese\/"},"modified":"2025-04-18T10:54:36","modified_gmt":"2025-04-18T08:54:36","slug":"fruehlingswiese","status":"publish","type":"product","link":"https:\/\/www.regionalis.shop\/atelier-peiger\/shop\/fruehlingswiese\/","title":{"rendered":"Fr\u00fchlingswiese"},"content":{"rendered":"<p>Ohrstecker lang mit Gr\u00fcnem Muschelt\u00fcrkis &#8211; Abend bis Sportlich<br \/>\nKugeln baumelnd<br \/>\nSterlingsilber vergoldet<br \/>\nL\u00e4nge 45 mm Breite 10 mm<\/p>\n","protected":false},"excerpt":{"rendered":"<p>Ohrstecker lang mit Gr\u00fcnem Muschelt\u00fcrkis &#8211; Abend bis Sportlich Kugeln baumelnd Sterlingsilber vergoldet L\u00e4nge 45 mm Breite 10 mm<\/p>\n","protected":false},"featured_media":1057,"template":"","meta":{"_acf_changed":false},"product_brand":[],"product_cat":[163,70],"product_tag":[],"class_list":{"0":"post-1056","1":"product","2":"type-product","3":"status-publish","4":"has-post-thumbnail","6":"product_cat-ohrringe","7":"product_cat-schmuck","9":"first","10":"instock","11":"purchasable","12":"product-type-simple"},"acf":[],"_links":{"self":[{"href":"https:\/\/www.regionalis.shop\/atelier-peiger\/wp-json\/wp\/v2\/product\/1056","targetHints":{"allow":["GET"]}}],"collection":[{"href":"https:\/\/www.regionalis.shop\/atelier-peiger\/wp-json\/wp\/v2\/product"}],"about":[{"href":"https:\/\/www.regionalis.shop\/atelier-peiger\/wp-json\/wp\/v2\/types\/product"}],"wp:featuredmedia":[{"embeddable":true,"href":"https:\/\/www.regionalis.shop\/atelier-peiger\/wp-json\/wp\/v2\/media\/1057"}],"wp:attachment":[{"href":"https:\/\/www.regionalis.shop\/atelier-peiger\/wp-json\/wp\/v2\/media?parent=1056"}],"wp:term":[{"taxonomy":"product_brand","embeddable":true,"href":"https:\/\/www.regionalis.shop\/atelier-peiger\/wp-json\/wp\/v2\/product_brand?post=1056"},{"taxonomy":"product_cat","embeddable":true,"href":"https:\/\/www.regionalis.shop\/atelier-peiger\/wp-json\/wp\/v2\/product_cat?post=1056"},{"taxonomy":"product_tag","embeddable":true,"href":"https:\/\/www.regionalis.shop\/atelier-peiger\/wp-json\/wp\/v2\/product_tag?post=1056"}],"curies":[{"name":"wp","href":"https:\/\/api.w.org\/{rel}","templated":true}]}}

Frühlingswiese

<p>Ohrstecker lang mit Grünem Muscheltürkis &#8211; Abend bis Sportlich<br />
Kugeln baumelnd<br />
Sterlingsilber vergoldet<br />
Länge 45 mm Breite 10 mm</p>

<p>Ohrstecker lang mit Grünem Muscheltürkis &#8211; Abend bis Sportlich Kugeln baumelnd Sterlingsilber vergoldet Länge 45 mm Breite 10 mm</p>
