{"id":1071,"date":"2025-04-18T09:05:00","date_gmt":"2025-04-18T07:05:00","guid":{"rendered":"https:\/\/www.regionalis.shop\/atelier-peiger\/product\/anhaenger-karneol\/"},"modified":"2025-04-18T09:05:00","modified_gmt":"2025-04-18T07:05:00","slug":"anhaenger-karneol","status":"publish","type":"product","link":"https:\/\/www.regionalis.shop\/atelier-peiger\/shop\/anhaenger-karneol\/","title":{"rendered":"Anh\u00e4nger Karneol"},"content":{"rendered":"<p>Anh\u00e4nger mit Kette<br \/>\nSterling Silber vergoldet mit Hammerschlag<br \/>\nund einem sch\u00f6nen Karneol<br \/>\nL\u00e4nge Kette 43 cm St\u00e4rke ca 3,5 mm<\/p>\n","protected":false},"excerpt":{"rendered":"<p>Anh\u00e4nger mit Kette Sterling Silber vergoldet mit Hammerschlag und einem sch\u00f6nen Karneol L\u00e4nge Kette 43 cm St\u00e4rke ca 3,5 mm<\/p>\n","protected":false},"featured_media":1072,"template":"","meta":{"_acf_changed":false},"product_brand":[],"product_cat":[141,70],"product_tag":[],"class_list":{"0":"post-1071","1":"product","2":"type-product","3":"status-publish","4":"has-post-thumbnail","6":"product_cat-halsketten","7":"product_cat-schmuck","9":"first","10":"instock","11":"purchasable","12":"product-type-simple"},"acf":[],"_links":{"self":[{"href":"https:\/\/www.regionalis.shop\/atelier-peiger\/wp-json\/wp\/v2\/product\/1071","targetHints":{"allow":["GET"]}}],"collection":[{"href":"https:\/\/www.regionalis.shop\/atelier-peiger\/wp-json\/wp\/v2\/product"}],"about":[{"href":"https:\/\/www.regionalis.shop\/atelier-peiger\/wp-json\/wp\/v2\/types\/product"}],"wp:featuredmedia":[{"embeddable":true,"href":"https:\/\/www.regionalis.shop\/atelier-peiger\/wp-json\/wp\/v2\/media\/1072"}],"wp:attachment":[{"href":"https:\/\/www.regionalis.shop\/atelier-peiger\/wp-json\/wp\/v2\/media?parent=1071"}],"wp:term":[{"taxonomy":"product_brand","embeddable":true,"href":"https:\/\/www.regionalis.shop\/atelier-peiger\/wp-json\/wp\/v2\/product_brand?post=1071"},{"taxonomy":"product_cat","embeddable":true,"href":"https:\/\/www.regionalis.shop\/atelier-peiger\/wp-json\/wp\/v2\/product_cat?post=1071"},{"taxonomy":"product_tag","embeddable":true,"href":"https:\/\/www.regionalis.shop\/atelier-peiger\/wp-json\/wp\/v2\/product_tag?post=1071"}],"curies":[{"name":"wp","href":"https:\/\/api.w.org\/{rel}","templated":true}]}}

Anhänger Karneol

<p>Anhänger mit Kette<br />
Sterling Silber vergoldet mit Hammerschlag<br />
und einem schönen Karneol<br />
Länge Kette 43 cm Stärke ca 3,5 mm</p>

<p>Anhänger mit Kette Sterling Silber vergoldet mit Hammerschlag und einem schönen Karneol Länge Kette 43 cm Stärke ca 3,5 mm</p>
