{"id":1087,"date":"2025-04-18T09:05:00","date_gmt":"2025-04-18T07:05:00","guid":{"rendered":"https:\/\/www.regionalis.shop\/atelier-peiger\/product\/ohrstecker-karneol\/"},"modified":"2025-04-18T09:05:00","modified_gmt":"2025-04-18T07:05:00","slug":"ohrstecker-karneol","status":"publish","type":"product","link":"https:\/\/www.regionalis.shop\/atelier-peiger\/shop\/ohrstecker-karneol\/","title":{"rendered":"Ohrstecker Karneol"},"content":{"rendered":"<p>Ohrstecker leicht zu tragen<br \/>\nSterling Silber vergoldet mit Hammerschlag<br \/>\nund einem sch\u00f6nen Karneol<br \/>\nMa\u00dfe &#8211; L\u00e4nge ca 2 cm x 1 cm<\/p>\n","protected":false},"excerpt":{"rendered":"<p>Ohrstecker leicht zu tragen Sterling Silber vergoldet mit Hammerschlag und einem sch\u00f6nen Karneol Ma\u00dfe &#8211; L\u00e4nge ca 2 cm x 1 cm<\/p>\n","protected":false},"featured_media":1088,"template":"","meta":{"_acf_changed":false},"product_brand":[],"product_cat":[163,70],"product_tag":[],"class_list":{"0":"post-1087","1":"product","2":"type-product","3":"status-publish","4":"has-post-thumbnail","6":"product_cat-ohrringe","7":"product_cat-schmuck","9":"first","10":"instock","11":"purchasable","12":"product-type-simple"},"acf":[],"_links":{"self":[{"href":"https:\/\/www.regionalis.shop\/atelier-peiger\/wp-json\/wp\/v2\/product\/1087","targetHints":{"allow":["GET"]}}],"collection":[{"href":"https:\/\/www.regionalis.shop\/atelier-peiger\/wp-json\/wp\/v2\/product"}],"about":[{"href":"https:\/\/www.regionalis.shop\/atelier-peiger\/wp-json\/wp\/v2\/types\/product"}],"wp:featuredmedia":[{"embeddable":true,"href":"https:\/\/www.regionalis.shop\/atelier-peiger\/wp-json\/wp\/v2\/media\/1088"}],"wp:attachment":[{"href":"https:\/\/www.regionalis.shop\/atelier-peiger\/wp-json\/wp\/v2\/media?parent=1087"}],"wp:term":[{"taxonomy":"product_brand","embeddable":true,"href":"https:\/\/www.regionalis.shop\/atelier-peiger\/wp-json\/wp\/v2\/product_brand?post=1087"},{"taxonomy":"product_cat","embeddable":true,"href":"https:\/\/www.regionalis.shop\/atelier-peiger\/wp-json\/wp\/v2\/product_cat?post=1087"},{"taxonomy":"product_tag","embeddable":true,"href":"https:\/\/www.regionalis.shop\/atelier-peiger\/wp-json\/wp\/v2\/product_tag?post=1087"}],"curies":[{"name":"wp","href":"https:\/\/api.w.org\/{rel}","templated":true}]}}

<p>Ohrstecker leicht zu tragen<br />
Sterling Silber vergoldet mit Hammerschlag<br />
und einem schönen Karneol<br />
Maße &#8211; Länge ca 2 cm x 1 cm</p>

<p>Ohrstecker leicht zu tragen Sterling Silber vergoldet mit Hammerschlag und einem schönen Karneol Maße &#8211; Länge ca 2 cm x 1 cm</p>
