{"id":1091,"date":"2025-04-18T07:00:23","date_gmt":"2025-04-18T05:00:23","guid":{"rendered":"https:\/\/www.regionalis.shop\/atelier-peiger\/product\/ohrstecker-rund-mit-perlentropfen\/"},"modified":"2025-04-18T07:00:23","modified_gmt":"2025-04-18T05:00:23","slug":"ohrstecker-rund-mit-perlentropfen","status":"publish","type":"product","link":"https:\/\/www.regionalis.shop\/atelier-peiger\/shop\/ohrstecker-rund-mit-perlentropfen\/","title":{"rendered":"Ohrstecker Rund  mit Perlentropfen"},"content":{"rendered":"<p>Silber vergoldet ca 28mm<br \/>\nOberfl\u00e4che geh\u00e4mmert<br \/>\nf\u00fcr alle die es elegant oder sportlich lieben<\/p>\n","protected":false},"excerpt":{"rendered":"<p>Silber vergoldet ca 28mm Oberfl\u00e4che geh\u00e4mmert f\u00fcr alle die es elegant oder sportlich lieben<\/p>\n","protected":false},"featured_media":1092,"template":"","meta":{"_acf_changed":false},"product_brand":[],"product_cat":[163,70],"product_tag":[],"class_list":{"0":"post-1091","1":"product","2":"type-product","3":"status-publish","4":"has-post-thumbnail","6":"product_cat-ohrringe","7":"product_cat-schmuck","9":"first","10":"instock","11":"purchasable","12":"product-type-simple"},"acf":[],"_links":{"self":[{"href":"https:\/\/www.regionalis.shop\/atelier-peiger\/wp-json\/wp\/v2\/product\/1091","targetHints":{"allow":["GET"]}}],"collection":[{"href":"https:\/\/www.regionalis.shop\/atelier-peiger\/wp-json\/wp\/v2\/product"}],"about":[{"href":"https:\/\/www.regionalis.shop\/atelier-peiger\/wp-json\/wp\/v2\/types\/product"}],"wp:featuredmedia":[{"embeddable":true,"href":"https:\/\/www.regionalis.shop\/atelier-peiger\/wp-json\/wp\/v2\/media\/1092"}],"wp:attachment":[{"href":"https:\/\/www.regionalis.shop\/atelier-peiger\/wp-json\/wp\/v2\/media?parent=1091"}],"wp:term":[{"taxonomy":"product_brand","embeddable":true,"href":"https:\/\/www.regionalis.shop\/atelier-peiger\/wp-json\/wp\/v2\/product_brand?post=1091"},{"taxonomy":"product_cat","embeddable":true,"href":"https:\/\/www.regionalis.shop\/atelier-peiger\/wp-json\/wp\/v2\/product_cat?post=1091"},{"taxonomy":"product_tag","embeddable":true,"href":"https:\/\/www.regionalis.shop\/atelier-peiger\/wp-json\/wp\/v2\/product_tag?post=1091"}],"curies":[{"name":"wp","href":"https:\/\/api.w.org\/{rel}","templated":true}]}}

<p>Silber vergoldet ca 28mm<br />
Oberfläche gehämmert<br />
für alle die es elegant oder sportlich lieben</p>

<p>Silber vergoldet ca 28mm Oberfläche gehämmert für alle die es elegant oder sportlich lieben</p>
