{"id":1098,"date":"2025-04-18T07:00:23","date_gmt":"2025-04-18T05:00:23","guid":{"rendered":"https:\/\/www.regionalis.shop\/atelier-peiger\/product\/ohrstecker-mit-tigerauge-2\/"},"modified":"2025-04-18T07:00:23","modified_gmt":"2025-04-18T05:00:23","slug":"ohrstecker-mit-tigerauge-2","status":"publish","type":"product","link":"https:\/\/www.regionalis.shop\/atelier-peiger\/shop\/ohrstecker-mit-tigerauge-2\/","title":{"rendered":"Ohrstecker mit Tigerauge"},"content":{"rendered":"<p>Silber vergoldet geh\u00e4mmert<br \/>\nTigerauge fassetiert, sch\u00f6ner Lichteinfall<br \/>\nTropenform<br \/>\nOhrstecker ca 40 mm lang<br \/>\nOberfl\u00e4che wild wie ein Tiger geh\u00e4mmert<\/p>\n","protected":false},"excerpt":{"rendered":"<p>Silber vergoldet geh\u00e4mmert Tigerauge fassetiert, sch\u00f6ner Lichteinfall Tropenform Ohrstecker ca 40 mm lang Oberfl\u00e4che wild wie ein Tiger geh\u00e4mmert<\/p>\n","protected":false},"featured_media":1099,"template":"","meta":{"_acf_changed":false},"product_brand":[],"product_cat":[163,70],"product_tag":[],"class_list":{"0":"post-1098","1":"product","2":"type-product","3":"status-publish","4":"has-post-thumbnail","6":"product_cat-ohrringe","7":"product_cat-schmuck","9":"first","10":"instock","11":"purchasable","12":"product-type-simple"},"acf":[],"_links":{"self":[{"href":"https:\/\/www.regionalis.shop\/atelier-peiger\/wp-json\/wp\/v2\/product\/1098","targetHints":{"allow":["GET"]}}],"collection":[{"href":"https:\/\/www.regionalis.shop\/atelier-peiger\/wp-json\/wp\/v2\/product"}],"about":[{"href":"https:\/\/www.regionalis.shop\/atelier-peiger\/wp-json\/wp\/v2\/types\/product"}],"wp:featuredmedia":[{"embeddable":true,"href":"https:\/\/www.regionalis.shop\/atelier-peiger\/wp-json\/wp\/v2\/media\/1099"}],"wp:attachment":[{"href":"https:\/\/www.regionalis.shop\/atelier-peiger\/wp-json\/wp\/v2\/media?parent=1098"}],"wp:term":[{"taxonomy":"product_brand","embeddable":true,"href":"https:\/\/www.regionalis.shop\/atelier-peiger\/wp-json\/wp\/v2\/product_brand?post=1098"},{"taxonomy":"product_cat","embeddable":true,"href":"https:\/\/www.regionalis.shop\/atelier-peiger\/wp-json\/wp\/v2\/product_cat?post=1098"},{"taxonomy":"product_tag","embeddable":true,"href":"https:\/\/www.regionalis.shop\/atelier-peiger\/wp-json\/wp\/v2\/product_tag?post=1098"}],"curies":[{"name":"wp","href":"https:\/\/api.w.org\/{rel}","templated":true}]}}

<p>Silber vergoldet gehämmert<br />
Tigerauge fassetiert, schöner Lichteinfall<br />
Tropenform<br />
Ohrstecker ca 40 mm lang<br />
Oberfläche wild wie ein Tiger gehämmert</p>

<p>Silber vergoldet gehämmert Tigerauge fassetiert, schöner Lichteinfall Tropenform Ohrstecker ca 40 mm lang Oberfläche wild wie ein Tiger gehämmert</p>
