{"id":1118,"date":"2025-04-18T03:26:35","date_gmt":"2025-04-18T01:26:35","guid":{"rendered":"https:\/\/www.regionalis.shop\/atelier-peiger\/product\/ohrstecker-spiralform\/"},"modified":"2025-04-18T03:26:35","modified_gmt":"2025-04-18T01:26:35","slug":"ohrstecker-spiralform","status":"publish","type":"product","link":"https:\/\/www.regionalis.shop\/atelier-peiger\/shop\/ohrstecker-spiralform\/","title":{"rendered":"Ohrstecker Spiralform"},"content":{"rendered":"<p>Silber vergoldet ca 2,5 cm<br \/>\nf\u00fcr Abend oder f\u00fcr dein sportliches outfit,<br \/>\npasst zu jedem Anlass.<br \/>\nOberfl\u00e4che leicht strukuriert<\/p>\n","protected":false},"excerpt":{"rendered":"<p>Silber vergoldet ca 2,5 cm f\u00fcr Abend oder f\u00fcr dein sportliches outfit, passt zu jedem Anlass. Oberfl\u00e4che leicht strukuriert<\/p>\n","protected":false},"featured_media":1119,"template":"","meta":{"_acf_changed":false},"product_brand":[],"product_cat":[163,70],"product_tag":[],"class_list":{"0":"post-1118","1":"product","2":"type-product","3":"status-publish","4":"has-post-thumbnail","6":"product_cat-ohrringe","7":"product_cat-schmuck","9":"first","10":"instock","11":"purchasable","12":"product-type-simple"},"acf":[],"_links":{"self":[{"href":"https:\/\/www.regionalis.shop\/atelier-peiger\/wp-json\/wp\/v2\/product\/1118","targetHints":{"allow":["GET"]}}],"collection":[{"href":"https:\/\/www.regionalis.shop\/atelier-peiger\/wp-json\/wp\/v2\/product"}],"about":[{"href":"https:\/\/www.regionalis.shop\/atelier-peiger\/wp-json\/wp\/v2\/types\/product"}],"wp:featuredmedia":[{"embeddable":true,"href":"https:\/\/www.regionalis.shop\/atelier-peiger\/wp-json\/wp\/v2\/media\/1119"}],"wp:attachment":[{"href":"https:\/\/www.regionalis.shop\/atelier-peiger\/wp-json\/wp\/v2\/media?parent=1118"}],"wp:term":[{"taxonomy":"product_brand","embeddable":true,"href":"https:\/\/www.regionalis.shop\/atelier-peiger\/wp-json\/wp\/v2\/product_brand?post=1118"},{"taxonomy":"product_cat","embeddable":true,"href":"https:\/\/www.regionalis.shop\/atelier-peiger\/wp-json\/wp\/v2\/product_cat?post=1118"},{"taxonomy":"product_tag","embeddable":true,"href":"https:\/\/www.regionalis.shop\/atelier-peiger\/wp-json\/wp\/v2\/product_tag?post=1118"}],"curies":[{"name":"wp","href":"https:\/\/api.w.org\/{rel}","templated":true}]}}

<p>Silber vergoldet ca 2,5 cm<br />
für Abend oder für dein sportliches outfit,<br />
passt zu jedem Anlass.<br />
Oberfläche leicht strukuriert</p>

<p>Silber vergoldet ca 2,5 cm für Abend oder für dein sportliches outfit, passt zu jedem Anlass. Oberfläche leicht strukuriert</p>
