{"id":1121,"date":"2025-04-18T00:34:41","date_gmt":"2025-04-17T22:34:41","guid":{"rendered":"https:\/\/www.regionalis.shop\/atelier-peiger\/product\/aquamarinkette\/"},"modified":"2025-04-18T00:34:41","modified_gmt":"2025-04-17T22:34:41","slug":"aquamarinkette","status":"publish","type":"product","link":"https:\/\/www.regionalis.shop\/atelier-peiger\/shop\/aquamarinkette\/","title":{"rendered":"Aquamarinkette"},"content":{"rendered":"<p>Aquamarinkette<br \/>\nAmulett Sterling Silber vergoldet geh\u00e4mmert<br \/>\nAmulett 30 mm mit Punkten<br \/>\nL\u00e4nge 47 cm St\u00e4rke ca10 mm<\/p>\n","protected":false},"excerpt":{"rendered":"<p>Aquamarinkette Amulett Sterling Silber vergoldet geh\u00e4mmert Amulett 30 mm mit Punkten L\u00e4nge 47 cm St\u00e4rke ca10 mm<\/p>\n","protected":false},"featured_media":1122,"template":"","meta":{"_acf_changed":false},"product_brand":[],"product_cat":[141,70],"product_tag":[],"class_list":{"0":"post-1121","1":"product","2":"type-product","3":"status-publish","4":"has-post-thumbnail","6":"product_cat-halsketten","7":"product_cat-schmuck","9":"first","10":"instock","11":"purchasable","12":"product-type-simple"},"acf":[],"_links":{"self":[{"href":"https:\/\/www.regionalis.shop\/atelier-peiger\/wp-json\/wp\/v2\/product\/1121","targetHints":{"allow":["GET"]}}],"collection":[{"href":"https:\/\/www.regionalis.shop\/atelier-peiger\/wp-json\/wp\/v2\/product"}],"about":[{"href":"https:\/\/www.regionalis.shop\/atelier-peiger\/wp-json\/wp\/v2\/types\/product"}],"wp:featuredmedia":[{"embeddable":true,"href":"https:\/\/www.regionalis.shop\/atelier-peiger\/wp-json\/wp\/v2\/media\/1122"}],"wp:attachment":[{"href":"https:\/\/www.regionalis.shop\/atelier-peiger\/wp-json\/wp\/v2\/media?parent=1121"}],"wp:term":[{"taxonomy":"product_brand","embeddable":true,"href":"https:\/\/www.regionalis.shop\/atelier-peiger\/wp-json\/wp\/v2\/product_brand?post=1121"},{"taxonomy":"product_cat","embeddable":true,"href":"https:\/\/www.regionalis.shop\/atelier-peiger\/wp-json\/wp\/v2\/product_cat?post=1121"},{"taxonomy":"product_tag","embeddable":true,"href":"https:\/\/www.regionalis.shop\/atelier-peiger\/wp-json\/wp\/v2\/product_tag?post=1121"}],"curies":[{"name":"wp","href":"https:\/\/api.w.org\/{rel}","templated":true}]}}

<p>Aquamarinkette<br />
Amulett Sterling Silber vergoldet gehämmert<br />
Amulett 30 mm mit Punkten<br />
Länge 47 cm Stärke ca10 mm</p>

<p>Aquamarinkette Amulett Sterling Silber vergoldet gehämmert Amulett 30 mm mit Punkten Länge 47 cm Stärke ca10 mm</p>
