{"id":1134,"date":"2025-04-17T23:17:34","date_gmt":"2025-04-17T21:17:34","guid":{"rendered":"https:\/\/www.regionalis.shop\/atelier-peiger\/product\/ohrstecker-gaensebluemchen\/"},"modified":"2025-04-17T23:17:34","modified_gmt":"2025-04-17T21:17:34","slug":"ohrstecker-gaensebluemchen","status":"publish","type":"product","link":"https:\/\/www.regionalis.shop\/atelier-peiger\/shop\/ohrstecker-gaensebluemchen\/","title":{"rendered":"Ohrstecker   &#8222;G\u00e4nsebl\u00fcmchen&#8220;"},"content":{"rendered":"<p>Silber vergoldet mit Perle ca 14mm ,<br \/>\nOberfl\u00e4che geh\u00e4mmert, strahlenf\u00f6rmige\u00a0 Musterung<\/p>\n","protected":false},"excerpt":{"rendered":"<p>Silber vergoldet mit Perle ca 14mm , Oberfl\u00e4che geh\u00e4mmert, strahlenf\u00f6rmige\u00a0 Musterung<\/p>\n","protected":false},"featured_media":1135,"template":"","meta":{"_acf_changed":false},"product_brand":[],"product_cat":[163,70],"product_tag":[],"class_list":{"0":"post-1134","1":"product","2":"type-product","3":"status-publish","4":"has-post-thumbnail","6":"product_cat-ohrringe","7":"product_cat-schmuck","9":"first","10":"instock","11":"purchasable","12":"product-type-simple"},"acf":[],"_links":{"self":[{"href":"https:\/\/www.regionalis.shop\/atelier-peiger\/wp-json\/wp\/v2\/product\/1134","targetHints":{"allow":["GET"]}}],"collection":[{"href":"https:\/\/www.regionalis.shop\/atelier-peiger\/wp-json\/wp\/v2\/product"}],"about":[{"href":"https:\/\/www.regionalis.shop\/atelier-peiger\/wp-json\/wp\/v2\/types\/product"}],"wp:featuredmedia":[{"embeddable":true,"href":"https:\/\/www.regionalis.shop\/atelier-peiger\/wp-json\/wp\/v2\/media\/1135"}],"wp:attachment":[{"href":"https:\/\/www.regionalis.shop\/atelier-peiger\/wp-json\/wp\/v2\/media?parent=1134"}],"wp:term":[{"taxonomy":"product_brand","embeddable":true,"href":"https:\/\/www.regionalis.shop\/atelier-peiger\/wp-json\/wp\/v2\/product_brand?post=1134"},{"taxonomy":"product_cat","embeddable":true,"href":"https:\/\/www.regionalis.shop\/atelier-peiger\/wp-json\/wp\/v2\/product_cat?post=1134"},{"taxonomy":"product_tag","embeddable":true,"href":"https:\/\/www.regionalis.shop\/atelier-peiger\/wp-json\/wp\/v2\/product_tag?post=1134"}],"curies":[{"name":"wp","href":"https:\/\/api.w.org\/{rel}","templated":true}]}}

Ohrstecker   &#8222;Gänseblümchen&#8220;

<p>Silber vergoldet mit Perle ca 14mm ,<br />
Oberfläche gehämmert, strahlenförmige  Musterung</p>

<p>Silber vergoldet mit Perle ca 14mm , Oberfläche gehämmert, strahlenförmige  Musterung</p>
