{"id":1051,"date":"2025-04-28T04:22:44","date_gmt":"2025-04-28T02:22:44","guid":{"rendered":"https:\/\/www.regionalis.shop\/bastina-wien\/product\/taeschchen-schnauzbart\/"},"modified":"2025-04-28T04:22:44","modified_gmt":"2025-04-28T02:22:44","slug":"taeschchen-schnauzbart","status":"publish","type":"product","link":"https:\/\/www.regionalis.shop\/bastina-wien\/shop\/taeschchen-schnauzbart\/","title":{"rendered":"T\u00e4schchen \u201eSchnauzbart\u201c"},"content":{"rendered":"<p>Dieser freche Schnauzbart bringt einen ganz speziellen Flair in dein Zuhause oder deine Handtasche. Ob gef\u00fcllt mit Kosmetikartikeln oder doch lieber mit Buntstiften, fesch verpackt sind deine Sch\u00e4tze allemal. <\/p>\n<p>Das T\u00e4schchen ist mit ganz viel Liebe von mir gen\u00e4ht worden, somit ist jedes T\u00e4schchen ein Unikat.<\/p>\n","protected":false},"excerpt":{"rendered":"<p>Dieser freche Schnauzbart bringt einen ganz speziellen Flair in dein Zuhause oder deine Handtasche. Ob gef\u00fcllt mit Kosmetikartikeln oder doch lieber mit Buntstiften, fesch verpackt sind deine Sch\u00e4tze allemal. Das T\u00e4schchen ist mit ganz viel Liebe von mir gen\u00e4ht worden, somit ist jedes T\u00e4schchen ein Unikat.<\/p>\n","protected":false},"featured_media":1052,"template":"","meta":{"_acf_changed":false},"product_brand":[],"product_cat":[155,95],"product_tag":[],"class_list":{"0":"post-1051","1":"product","2":"type-product","3":"status-publish","4":"has-post-thumbnail","6":"product_cat-kosmetiktaschen","7":"product_cat-taschen","9":"first","10":"instock","11":"purchasable","12":"product-type-simple"},"acf":[],"_links":{"self":[{"href":"https:\/\/www.regionalis.shop\/bastina-wien\/wp-json\/wp\/v2\/product\/1051","targetHints":{"allow":["GET"]}}],"collection":[{"href":"https:\/\/www.regionalis.shop\/bastina-wien\/wp-json\/wp\/v2\/product"}],"about":[{"href":"https:\/\/www.regionalis.shop\/bastina-wien\/wp-json\/wp\/v2\/types\/product"}],"wp:featuredmedia":[{"embeddable":true,"href":"https:\/\/www.regionalis.shop\/bastina-wien\/wp-json\/wp\/v2\/media\/1052"}],"wp:attachment":[{"href":"https:\/\/www.regionalis.shop\/bastina-wien\/wp-json\/wp\/v2\/media?parent=1051"}],"wp:term":[{"taxonomy":"product_brand","embeddable":true,"href":"https:\/\/www.regionalis.shop\/bastina-wien\/wp-json\/wp\/v2\/product_brand?post=1051"},{"taxonomy":"product_cat","embeddable":true,"href":"https:\/\/www.regionalis.shop\/bastina-wien\/wp-json\/wp\/v2\/product_cat?post=1051"},{"taxonomy":"product_tag","embeddable":true,"href":"https:\/\/www.regionalis.shop\/bastina-wien\/wp-json\/wp\/v2\/product_tag?post=1051"}],"curies":[{"name":"wp","href":"https:\/\/api.w.org\/{rel}","templated":true}]}}