{"id":1086,"date":"2025-04-18T01:48:19","date_gmt":"2025-04-17T23:48:19","guid":{"rendered":"https:\/\/www.regionalis.shop\/bastina-wien\/product\/bastina-osterkoerbchen-bestickt\/"},"modified":"2025-04-18T01:48:19","modified_gmt":"2025-04-17T23:48:19","slug":"bastina-osterkoerbchen-bestickt","status":"publish","type":"product","link":"https:\/\/www.regionalis.shop\/bastina-wien\/shop\/bastina-osterkoerbchen-bestickt\/","title":{"rendered":"Bastina Osterk\u00f6rbchen &#8211; Bestickt"},"content":{"rendered":"<p>Wundersch\u00f6nes handgemachtes Osterk\u00f6rbchen mit besticktem Wunschnamen und kleinem H\u00e4schen. Das K\u00f6rbchen hat eine perfekte Gr\u00f6\u00dfe um viele, tolle Kleinigkeiten vom Osterhasen zu verschenken \ud83d\ude09<\/p>\n<p>Die Farbe der Weste und des Namens kann gerne selbst ausgesucht werden. Daf\u00fcr bitte einfach eine Nachricht schreiben.<\/p>\n<p>Aussenstoff: 100 % Baumwolle, beige<br \/>\nInnenstoff: 100 % Baumwolle H\u00e4schen <\/p>\n<p>Ungef\u00e4hre K\u00f6rbchengr\u00f6sse:<br \/>\nH\u00f6he 13 cm<br \/>\nOben; Durchmesser 20 cm<br \/>\nBoden 12,5<br \/>\nDas K\u00f6rbchen hat einen 30cm langen Tragegriff.<\/p>\n","protected":false},"excerpt":{"rendered":"<p>Wundersch\u00f6nes handgemachtes Osterk\u00f6rbchen mit besticktem Wunschnamen und kleinem H\u00e4schen. Das K\u00f6rbchen hat eine perfekte Gr\u00f6\u00dfe um viele, tolle Kleinigkeiten vom Osterhasen zu verschenken \ud83d\ude09 Die Farbe der Weste und des Namens kann gerne selbst ausgesucht werden. Daf\u00fcr bitte einfach eine Nachricht schreiben. Aussenstoff: 100 % Baumwolle, beige Innenstoff: 100 % Baumwolle H\u00e4schen Ungef\u00e4hre K\u00f6rbchengr\u00f6sse: H\u00f6he &hellip; <a href=\"https:\/\/www.regionalis.shop\/bastina-wien\/shop\/bastina-osterkoerbchen-bestickt\/\">Continued<\/a><\/p>\n","protected":false},"featured_media":1087,"template":"","meta":{"_acf_changed":false},"product_brand":[],"product_cat":[168,95],"product_tag":[],"class_list":{"0":"post-1086","1":"product","2":"type-product","3":"status-publish","4":"has-post-thumbnail","6":"product_cat-sonstiges-taschen","7":"product_cat-taschen","9":"first","10":"instock","11":"purchasable","12":"product-type-simple"},"acf":[],"_links":{"self":[{"href":"https:\/\/www.regionalis.shop\/bastina-wien\/wp-json\/wp\/v2\/product\/1086","targetHints":{"allow":["GET"]}}],"collection":[{"href":"https:\/\/www.regionalis.shop\/bastina-wien\/wp-json\/wp\/v2\/product"}],"about":[{"href":"https:\/\/www.regionalis.shop\/bastina-wien\/wp-json\/wp\/v2\/types\/product"}],"wp:featuredmedia":[{"embeddable":true,"href":"https:\/\/www.regionalis.shop\/bastina-wien\/wp-json\/wp\/v2\/media\/1087"}],"wp:attachment":[{"href":"https:\/\/www.regionalis.shop\/bastina-wien\/wp-json\/wp\/v2\/media?parent=1086"}],"wp:term":[{"taxonomy":"product_brand","embeddable":true,"href":"https:\/\/www.regionalis.shop\/bastina-wien\/wp-json\/wp\/v2\/product_brand?post=1086"},{"taxonomy":"product_cat","embeddable":true,"href":"https:\/\/www.regionalis.shop\/bastina-wien\/wp-json\/wp\/v2\/product_cat?post=1086"},{"taxonomy":"product_tag","embeddable":true,"href":"https:\/\/www.regionalis.shop\/bastina-wien\/wp-json\/wp\/v2\/product_tag?post=1086"}],"curies":[{"name":"wp","href":"https:\/\/api.w.org\/{rel}","templated":true}]}}