{"id":108,"date":"2024-03-04T10:57:41","date_gmt":"2024-03-04T10:57:41","guid":{"rendered":"https:\/\/stage.shop-it.at\/?page_id=108"},"modified":"2025-10-21T17:33:35","modified_gmt":"2025-10-21T15:33:35","slug":"info","status":"publish","type":"page","link":"https:\/\/www.regionalis.shop\/bb-colletion\/info\/","title":{"rendered":"Info"},"content":{"rendered":"<section>\n            <p>&#8211;NAT\u00dcRLICH HANDGEFERTIGT&#8211;<br \/>\nExklusive Lederwaren<\/p>\n<p>Feinstes Leder, sorgsam von Hand verarbeitet. Mit edlem Silber kunstvoll zu einzigartigen Schmuckst\u00fccken vereint.<\/p>\n<p>Die BB-Collection steht f\u00fcr Lederschmuck und Accessoires von h\u00f6chster Qualit\u00e4t. Beginnend bei der Auswahl der Lederst\u00fccke liegt jedem einzelnen Arbeitsschritt das sp\u00e4tere Design der Schmuckst\u00fccke zugrunde. Nur so kann sichergestellt werden, dass die fertigen Lederwaren durch ihre einzigartige Ebenm\u00e4ssigkeit \u00fcberzeugen.<\/p>\n<p>Kunstwerke aus echter Manufaktur, jeder Schritt von Hand gefertigt. Exklusivit\u00e4t, die ihresgleichen sucht.<\/p>\n<p>&#8211;Natur und Leidenschaft, stilvoll vereint.&#8211;<\/p>\n\n    <\/section>\n\n\n<p><\/p>\n","protected":false},"excerpt":{"rendered":"","protected":false},"author":1,"featured_media":0,"parent":0,"menu_order":0,"comment_status":"closed","ping_status":"closed","template":"","meta":{"_acf_changed":false,"footnotes":""},"class_list":["post-108","page","type-page","status-publish","hentry"],"acf":[],"_links":{"self":[{"href":"https:\/\/www.regionalis.shop\/bb-colletion\/wp-json\/wp\/v2\/pages\/108","targetHints":{"allow":["GET"]}}],"collection":[{"href":"https:\/\/www.regionalis.shop\/bb-colletion\/wp-json\/wp\/v2\/pages"}],"about":[{"href":"https:\/\/www.regionalis.shop\/bb-colletion\/wp-json\/wp\/v2\/types\/page"}],"author":[{"embeddable":true,"href":"https:\/\/www.regionalis.shop\/bb-colletion\/wp-json\/wp\/v2\/users\/1"}],"replies":[{"embeddable":true,"href":"https:\/\/www.regionalis.shop\/bb-colletion\/wp-json\/wp\/v2\/comments?post=108"}],"version-history":[{"count":39,"href":"https:\/\/www.regionalis.shop\/bb-colletion\/wp-json\/wp\/v2\/pages\/108\/revisions"}],"predecessor-version":[{"id":1028,"href":"https:\/\/www.regionalis.shop\/bb-colletion\/wp-json\/wp\/v2\/pages\/108\/revisions\/1028"}],"wp:attachment":[{"href":"https:\/\/www.regionalis.shop\/bb-colletion\/wp-json\/wp\/v2\/media?parent=108"}],"curies":[{"name":"wp","href":"https:\/\/api.w.org\/{rel}","templated":true}]}}