{"id":1076,"date":"2025-04-18T09:52:02","date_gmt":"2025-04-18T07:52:02","guid":{"rendered":"https:\/\/www.regionalis.shop\/beadylook\/product\/ohrringe-opdulia\/"},"modified":"2025-04-18T09:52:02","modified_gmt":"2025-04-18T07:52:02","slug":"ohrringe-opdulia","status":"publish","type":"product","link":"https:\/\/www.regionalis.shop\/beadylook\/shop\/ohrringe-opdulia\/","title":{"rendered":"Ohrringe &#8222;OPDULIA&#8220;"},"content":{"rendered":"<p>Ohrringe OPDULIA<br \/>\n&#8230; (span.) Name einer spanischen Heiligen aus Toledo;<\/p>\n<p>Die Wirkung dieser ca. 5,5 cm langen Ohrringe entsteht in erster Linie durch den Einfall des Lichtes, wie bei einem Glasbild bei einem farbigen Fenster.<\/p>\n<p>Durch die transparent-grauen Vitrail Matten und gr\u00fcn-matten, galvanisierten Duracoat-Metallic Miyuki-Delica-Perlen, kommt die pr\u00e4zise Handarbeit dieser 3D-f\u00f6rmigen Kreation so richtig zur Geltung.<\/p>\n<p>In Kombination mit dem filigranen hochwertigen, blumenf\u00f6rmigen Ohrstecker aus Edelstahl der Klasse 304 &#8211; allergenfrei und korrosionsbest\u00e4ndig &#8211; sorgt dieses Schmuckst\u00fcck garantiert f\u00fcr begeisterte Blicke.<\/p>\n<p>Mein Modell OPDULIA soll dich dazu ermutigen, selbstbewusst zu sein.<\/p>\n<p>&#8222;Hand-With-Love-Made-Unikat&#8220;<\/p>\n<p> Made-with-Love-in-Tyrol<br \/>\n Materialeinkauf ausschlie\u00dflich innerhalb Europas <\/p>\n<p>&#8222;Freies Gewerbe&#8220; vorhanden, Abgabenfrei nach \u00a7333a GewO 1994!<\/p>\n","protected":false},"excerpt":{"rendered":"<p>Ohrringe OPDULIA &#8230; (span.) Name einer spanischen Heiligen aus Toledo; Die Wirkung dieser ca. 5,5 cm langen Ohrringe entsteht in erster Linie durch den Einfall des Lichtes, wie bei einem Glasbild bei einem farbigen Fenster. Durch die transparent-grauen Vitrail Matten und gr\u00fcn-matten, galvanisierten Duracoat-Metallic Miyuki-Delica-Perlen, kommt die pr\u00e4zise Handarbeit dieser 3D-f\u00f6rmigen Kreation so richtig zur &hellip; <a href=\"https:\/\/www.regionalis.shop\/beadylook\/shop\/ohrringe-opdulia\/\">Continued<\/a><\/p>\n","protected":false},"featured_media":1077,"template":"","meta":{"_acf_changed":false},"product_brand":[],"product_cat":[163,70],"product_tag":[],"class_list":{"0":"post-1076","1":"product","2":"type-product","3":"status-publish","4":"has-post-thumbnail","6":"product_cat-ohrringe","7":"product_cat-schmuck","9":"first","10":"instock","11":"purchasable","12":"product-type-simple"},"acf":[],"_links":{"self":[{"href":"https:\/\/www.regionalis.shop\/beadylook\/wp-json\/wp\/v2\/product\/1076","targetHints":{"allow":["GET"]}}],"collection":[{"href":"https:\/\/www.regionalis.shop\/beadylook\/wp-json\/wp\/v2\/product"}],"about":[{"href":"https:\/\/www.regionalis.shop\/beadylook\/wp-json\/wp\/v2\/types\/product"}],"wp:featuredmedia":[{"embeddable":true,"href":"https:\/\/www.regionalis.shop\/beadylook\/wp-json\/wp\/v2\/media\/1077"}],"wp:attachment":[{"href":"https:\/\/www.regionalis.shop\/beadylook\/wp-json\/wp\/v2\/media?parent=1076"}],"wp:term":[{"taxonomy":"product_brand","embeddable":true,"href":"https:\/\/www.regionalis.shop\/beadylook\/wp-json\/wp\/v2\/product_brand?post=1076"},{"taxonomy":"product_cat","embeddable":true,"href":"https:\/\/www.regionalis.shop\/beadylook\/wp-json\/wp\/v2\/product_cat?post=1076"},{"taxonomy":"product_tag","embeddable":true,"href":"https:\/\/www.regionalis.shop\/beadylook\/wp-json\/wp\/v2\/product_tag?post=1076"}],"curies":[{"name":"wp","href":"https:\/\/api.w.org\/{rel}","templated":true}]}}