{"id":1106,"date":"2025-04-18T09:05:42","date_gmt":"2025-04-18T07:05:42","guid":{"rendered":"https:\/\/www.regionalis.shop\/beadylook\/product\/creolen-petronia\/"},"modified":"2025-04-18T09:05:42","modified_gmt":"2025-04-18T07:05:42","slug":"creolen-petronia","status":"publish","type":"product","link":"https:\/\/www.regionalis.shop\/beadylook\/shop\/creolen-petronia\/","title":{"rendered":"Creolen &#8222;PETRONIA&#8220;"},"content":{"rendered":"<p>&#8230; griechisch: Fels, Stein; die Felsenfeste.<\/p>\n<p>Zu einer unersch\u00fctterlichen und standhaften Frau geh\u00f6rt einiges, nicht nur unnachgiebig zu seiner Meinung zu stehen, sondern auch selbstbewusst extravaganten Schmuck zu tragen.<\/p>\n<p>Diese Ohrringe sind nicht nur ein besonderer Hingucker &#8211; noch dazu wurden sie aus hochwertigen Materialen wie mit einer gl\u00e4nzenden rosaschimmernden Riesen-Polarisperle, zwei filigranen silberfarbigen Perlen aus Messing, einer Orientperle oval-eckig in silber\/schwarz als Mittelst\u00fcck (30 mm) und gew\u00f6lbten Ohrstecker aus Edelstahl der Klasse 304 (keine Verf\u00e4rbung) mit viel Herz designed.<\/p>\n<p>Mit diesem pomp\u00f6sen Modeschmuck setzt du dein Gegen\u00fcber ins Erstaunen.<\/p>\n<p>&#8222;Hand-With-Love-Made-Unikat&#8220;<\/p>\n<p> Made-with-Love-in-Tyrol<br \/>\n Materialeinkauf ausschlie\u00dflich innerhalb Europas <\/p>\n<p>&#8222;Freies Gewerbe&#8220; vorhanden, Abgabenfrei nach \u00a7333a GewO 1994!<\/p>\n","protected":false},"excerpt":{"rendered":"<p>&#8230; griechisch: Fels, Stein; die Felsenfeste. Zu einer unersch\u00fctterlichen und standhaften Frau geh\u00f6rt einiges, nicht nur unnachgiebig zu seiner Meinung zu stehen, sondern auch selbstbewusst extravaganten Schmuck zu tragen. Diese Ohrringe sind nicht nur ein besonderer Hingucker &#8211; noch dazu wurden sie aus hochwertigen Materialen wie mit einer gl\u00e4nzenden rosaschimmernden Riesen-Polarisperle, zwei filigranen silberfarbigen Perlen &hellip; <a href=\"https:\/\/www.regionalis.shop\/beadylook\/shop\/creolen-petronia\/\">Continued<\/a><\/p>\n","protected":false},"featured_media":1107,"template":"","meta":{"_acf_changed":false},"product_brand":[],"product_cat":[163,70],"product_tag":[],"class_list":{"0":"post-1106","1":"product","2":"type-product","3":"status-publish","4":"has-post-thumbnail","6":"product_cat-ohrringe","7":"product_cat-schmuck","9":"first","10":"instock","11":"purchasable","12":"product-type-simple"},"acf":[],"_links":{"self":[{"href":"https:\/\/www.regionalis.shop\/beadylook\/wp-json\/wp\/v2\/product\/1106","targetHints":{"allow":["GET"]}}],"collection":[{"href":"https:\/\/www.regionalis.shop\/beadylook\/wp-json\/wp\/v2\/product"}],"about":[{"href":"https:\/\/www.regionalis.shop\/beadylook\/wp-json\/wp\/v2\/types\/product"}],"wp:featuredmedia":[{"embeddable":true,"href":"https:\/\/www.regionalis.shop\/beadylook\/wp-json\/wp\/v2\/media\/1107"}],"wp:attachment":[{"href":"https:\/\/www.regionalis.shop\/beadylook\/wp-json\/wp\/v2\/media?parent=1106"}],"wp:term":[{"taxonomy":"product_brand","embeddable":true,"href":"https:\/\/www.regionalis.shop\/beadylook\/wp-json\/wp\/v2\/product_brand?post=1106"},{"taxonomy":"product_cat","embeddable":true,"href":"https:\/\/www.regionalis.shop\/beadylook\/wp-json\/wp\/v2\/product_cat?post=1106"},{"taxonomy":"product_tag","embeddable":true,"href":"https:\/\/www.regionalis.shop\/beadylook\/wp-json\/wp\/v2\/product_tag?post=1106"}],"curies":[{"name":"wp","href":"https:\/\/api.w.org\/{rel}","templated":true}]}}