{"id":1124,"date":"2025-04-18T08:03:32","date_gmt":"2025-04-18T06:03:32","guid":{"rendered":"https:\/\/www.regionalis.shop\/beadylook\/product\/ohrringe-phyllis\/"},"modified":"2025-04-18T08:03:32","modified_gmt":"2025-04-18T06:03:32","slug":"ohrringe-phyllis","status":"publish","type":"product","link":"https:\/\/www.regionalis.shop\/beadylook\/shop\/ohrringe-phyllis\/","title":{"rendered":"Ohrringe PHYLLIS"},"content":{"rendered":"<p>PHYLLIS &#8230; &#8222;das Laub&#8220;, &#8222;das Blatt&#8220; oder &#8222;das Bl\u00fctenblatt&#8220; (aus dem altgriechischen).<\/p>\n<p>Die ausserirdisch schimmernde Polarisperle in Fuchsia mattiert, getragen von einem zauberhaften, filigranen, versilberten Schmuckelement und gekr\u00f6nt mit einem funkelnden, original Swarovski Bicone sind ein besonderer Hingucker. Mit den Brisuren aus  Edelstahl 304 poliert geben sie dem gesamten Erscheinungsbild eine besondere Note.<\/p>\n<p>Werde zur Verf\u00fchrerin und erstrahle wie die griechische K\u00f6nigstocher als bl\u00e4ttriger Mandelbaum, nachdem Sie von ihrem Geliebten umarmt wurde.<\/p>\n<p>Made-with-Love-in-Tyrol<br \/>\nMaterialeinkauf ausschlie\u00dflich innerhalb Europas<br \/>\n&#8222;Freies Gewerbe&#8220; vorhanden, Abgabenfrei nach \u00a7333a GewO 1994!<\/p>\n","protected":false},"excerpt":{"rendered":"<p>PHYLLIS &#8230; &#8222;das Laub&#8220;, &#8222;das Blatt&#8220; oder &#8222;das Bl\u00fctenblatt&#8220; (aus dem altgriechischen). Die ausserirdisch schimmernde Polarisperle in Fuchsia mattiert, getragen von einem zauberhaften, filigranen, versilberten Schmuckelement und gekr\u00f6nt mit einem funkelnden, original Swarovski Bicone sind ein besonderer Hingucker. Mit den Brisuren aus Edelstahl 304 poliert geben sie dem gesamten Erscheinungsbild eine besondere Note. Werde zur &hellip; <a href=\"https:\/\/www.regionalis.shop\/beadylook\/shop\/ohrringe-phyllis\/\">Continued<\/a><\/p>\n","protected":false},"featured_media":1125,"template":"","meta":{"_acf_changed":false},"product_brand":[],"product_cat":[163,70],"product_tag":[],"class_list":{"0":"post-1124","1":"product","2":"type-product","3":"status-publish","4":"has-post-thumbnail","6":"product_cat-ohrringe","7":"product_cat-schmuck","9":"first","10":"instock","11":"purchasable","12":"product-type-simple"},"acf":[],"_links":{"self":[{"href":"https:\/\/www.regionalis.shop\/beadylook\/wp-json\/wp\/v2\/product\/1124","targetHints":{"allow":["GET"]}}],"collection":[{"href":"https:\/\/www.regionalis.shop\/beadylook\/wp-json\/wp\/v2\/product"}],"about":[{"href":"https:\/\/www.regionalis.shop\/beadylook\/wp-json\/wp\/v2\/types\/product"}],"wp:featuredmedia":[{"embeddable":true,"href":"https:\/\/www.regionalis.shop\/beadylook\/wp-json\/wp\/v2\/media\/1125"}],"wp:attachment":[{"href":"https:\/\/www.regionalis.shop\/beadylook\/wp-json\/wp\/v2\/media?parent=1124"}],"wp:term":[{"taxonomy":"product_brand","embeddable":true,"href":"https:\/\/www.regionalis.shop\/beadylook\/wp-json\/wp\/v2\/product_brand?post=1124"},{"taxonomy":"product_cat","embeddable":true,"href":"https:\/\/www.regionalis.shop\/beadylook\/wp-json\/wp\/v2\/product_cat?post=1124"},{"taxonomy":"product_tag","embeddable":true,"href":"https:\/\/www.regionalis.shop\/beadylook\/wp-json\/wp\/v2\/product_tag?post=1124"}],"curies":[{"name":"wp","href":"https:\/\/api.w.org\/{rel}","templated":true}]}}