{"id":1128,"date":"2025-04-18T07:48:33","date_gmt":"2025-04-18T05:48:33","guid":{"rendered":"https:\/\/www.regionalis.shop\/beadylook\/product\/ohrringe-creolen-smarula\/"},"modified":"2025-04-18T07:48:33","modified_gmt":"2025-04-18T05:48:33","slug":"ohrringe-creolen-smarula","status":"publish","type":"product","link":"https:\/\/www.regionalis.shop\/beadylook\/shop\/ohrringe-creolen-smarula\/","title":{"rendered":"Ohrringe Creolen &#8222;SMARULA&#8220;"},"content":{"rendered":"<p>Minimalistisch edel.<\/p>\n<p>Diese Hoopohrringe (Durchmesser von 40 mm ) aus rhodiniertem 925er Sterling Silber und einem praktischen Latch-Back-Verschluss ist garantiert ein hochwertiges, zeitloses Modeschmuckst\u00fcck designed und handangefertigt by BeadyLook mit viel Liebe und Genauigkeit.<\/p>\n<p>In der Brick-Stich-Webe-Technik mit Miyuki-Delica-Perlen 11\/0 (1,6 mm) in  Grau Vitrail Matt und silbrigen Sesamperlen, schmiegt sich dieses Design sanft an dein Ohrl\u00e4ppchen und wird ganz ohne Glitzer und Glamour zum Eyecatcher.Die klassisch-sch\u00f6nen Creolen harmonieren zu vielen Outfits und lassen sich gut mit anderen Schmuckst\u00fccken kombinieren.<\/p>\n<p>Mein Schmuck ist eine sentimentale \u00dcberraschung, ein tolles Geschenk oder ideal f\u00fcr die Eigenliebe einer selbstbewussten Frau.<\/p>\n<p>Je mehr reines Silber in einem Schmuckst\u00fcck verarbeitet wird, desto heller gl\u00e4nzt es. Gleichzeitig ist es aber auch anf\u00e4lliger f\u00fcr Kratzer und \u00c4hnliches. <\/p>\n<p> Made-with-Love-in-Tyrol<br \/>\n Materialeinkauf ausschlie\u00dflich innerhalb Europas <\/p>\n<p>&#8222;Freies Gewerbe&#8220; vorhanden, Abgabenfrei nach \u00a7333a GewO 1994!<\/p>\n","protected":false},"excerpt":{"rendered":"<p>Minimalistisch edel. Diese Hoopohrringe (Durchmesser von 40 mm ) aus rhodiniertem 925er Sterling Silber und einem praktischen Latch-Back-Verschluss ist garantiert ein hochwertiges, zeitloses Modeschmuckst\u00fcck designed und handangefertigt by BeadyLook mit viel Liebe und Genauigkeit. In der Brick-Stich-Webe-Technik mit Miyuki-Delica-Perlen 11\/0 (1,6 mm) in Grau Vitrail Matt und silbrigen Sesamperlen, schmiegt sich dieses Design sanft an &hellip; <a href=\"https:\/\/www.regionalis.shop\/beadylook\/shop\/ohrringe-creolen-smarula\/\">Continued<\/a><\/p>\n","protected":false},"featured_media":1129,"template":"","meta":{"_acf_changed":false},"product_brand":[],"product_cat":[163,70],"product_tag":[],"class_list":{"0":"post-1128","1":"product","2":"type-product","3":"status-publish","4":"has-post-thumbnail","6":"product_cat-ohrringe","7":"product_cat-schmuck","9":"first","10":"instock","11":"purchasable","12":"product-type-simple"},"acf":[],"_links":{"self":[{"href":"https:\/\/www.regionalis.shop\/beadylook\/wp-json\/wp\/v2\/product\/1128","targetHints":{"allow":["GET"]}}],"collection":[{"href":"https:\/\/www.regionalis.shop\/beadylook\/wp-json\/wp\/v2\/product"}],"about":[{"href":"https:\/\/www.regionalis.shop\/beadylook\/wp-json\/wp\/v2\/types\/product"}],"wp:featuredmedia":[{"embeddable":true,"href":"https:\/\/www.regionalis.shop\/beadylook\/wp-json\/wp\/v2\/media\/1129"}],"wp:attachment":[{"href":"https:\/\/www.regionalis.shop\/beadylook\/wp-json\/wp\/v2\/media?parent=1128"}],"wp:term":[{"taxonomy":"product_brand","embeddable":true,"href":"https:\/\/www.regionalis.shop\/beadylook\/wp-json\/wp\/v2\/product_brand?post=1128"},{"taxonomy":"product_cat","embeddable":true,"href":"https:\/\/www.regionalis.shop\/beadylook\/wp-json\/wp\/v2\/product_cat?post=1128"},{"taxonomy":"product_tag","embeddable":true,"href":"https:\/\/www.regionalis.shop\/beadylook\/wp-json\/wp\/v2\/product_tag?post=1128"}],"curies":[{"name":"wp","href":"https:\/\/api.w.org\/{rel}","templated":true}]}}