{"id":3,"date":"2023-10-31T09:02:46","date_gmt":"2023-10-31T09:02:46","guid":{"rendered":"https:\/\/stage.shop-it.at\/?page_id=3"},"modified":"2025-10-23T16:29:26","modified_gmt":"2025-10-23T14:29:26","slug":"datenschutzerklarung","status":"publish","type":"page","link":"https:\/\/www.regionalis.shop\/belinda-kroell-art\/datenschutzerklarung\/","title":{"rendered":"Datenschutzerkl\u00e4rung"},"content":{"rendered":"<section>\n            <p>\u200bBelinda Kr\u00f6ll begann ihre k\u00fcnstlerische Laufbahn an der Fachschule f\u00fcr angewandte Kunst und Malerei in Innsbruck.<\/p>\n<p>Sie ist begeisterte Beobachterin von Flora und Fauna.<br \/>\nHeimische Tiere und Pflanzen finden sich seit je her regelm\u00e4\u00dfig in den Gem\u00e4lden wieder.<br \/>\nBesonderen Wert legt sie auf das Transportieren von Gef\u00fchlen und pers\u00f6nlicher Themen wie Weiblichkeit, Vertrauen, Verletzlichkeit und Stolz.<br \/>\nGemalt wird vor allem Nachts wenn ihre drei Kinder schlafen, vorzugsweise mit \u00d6lpastellkreiden und seit 2020 auch gedruckt  mit Linolschnitt.<br \/>\nBelinda ist erst kurz vor dem ersten Lockdown mit ihrem Mann und Kindern nach Wien gezogen.<\/p>\n\n    <\/section>","protected":false},"excerpt":{"rendered":"","protected":false},"author":1,"featured_media":0,"parent":0,"menu_order":0,"comment_status":"closed","ping_status":"closed","template":"","meta":{"_acf_changed":false,"footnotes":""},"class_list":["post-3","page","type-page","status-publish","hentry"],"acf":[],"_links":{"self":[{"href":"https:\/\/www.regionalis.shop\/belinda-kroell-art\/wp-json\/wp\/v2\/pages\/3","targetHints":{"allow":["GET"]}}],"collection":[{"href":"https:\/\/www.regionalis.shop\/belinda-kroell-art\/wp-json\/wp\/v2\/pages"}],"about":[{"href":"https:\/\/www.regionalis.shop\/belinda-kroell-art\/wp-json\/wp\/v2\/types\/page"}],"author":[{"embeddable":true,"href":"https:\/\/www.regionalis.shop\/belinda-kroell-art\/wp-json\/wp\/v2\/users\/1"}],"replies":[{"embeddable":true,"href":"https:\/\/www.regionalis.shop\/belinda-kroell-art\/wp-json\/wp\/v2\/comments?post=3"}],"version-history":[{"count":4,"href":"https:\/\/www.regionalis.shop\/belinda-kroell-art\/wp-json\/wp\/v2\/pages\/3\/revisions"}],"predecessor-version":[{"id":1047,"href":"https:\/\/www.regionalis.shop\/belinda-kroell-art\/wp-json\/wp\/v2\/pages\/3\/revisions\/1047"}],"wp:attachment":[{"href":"https:\/\/www.regionalis.shop\/belinda-kroell-art\/wp-json\/wp\/v2\/media?parent=3"}],"curies":[{"name":"wp","href":"https:\/\/api.w.org\/{rel}","templated":true}]}}