{"id":1078,"date":"2025-04-18T09:14:26","date_gmt":"2025-04-18T07:14:26","guid":{"rendered":"https:\/\/www.regionalis.shop\/betas-p-schoenes-aus-leder-stoff\/product\/kleines-lederboerserl-mit-lkw-applikation\/"},"modified":"2025-12-03T00:32:39","modified_gmt":"2025-12-02T23:32:39","slug":"kleines-lederboerserl-mit-lkw-applikation","status":"publish","type":"product","link":"https:\/\/www.regionalis.shop\/betas-p-schoenes-aus-leder-stoff\/shop\/kleines-lederboerserl-mit-lkw-applikation\/","title":{"rendered":"kleines Lederb\u00f6rserl mit LKW-Applikation"},"content":{"rendered":"<p>Das B\u00f6rserl ist aus echtem Leder gen\u00e4ht und auf der Vorderseite schm\u00fcckt es ein LKW, die R\u00fcckseite ist einfarbig, hat jedoch eine andere Farbe als die Vorderseite. Jedes St\u00fcck ist h\u00e4ndisch zugeschnitten und nat\u00fcrlich auch selbst an der N\u00e4hmaschine gen\u00e4ht. Es gibt einige fertige Varianten davon &#8211; jede im Moment genau 1x.<br \/>\nAuf Nachfrage stelle ich gerne auch weitere her.<\/p>\n<p>Dieses B\u00f6rserl ist bei Kindern sehr beliebt, aber auch junggebliebene Erwachsene haben ihre Freude dran.<br \/>\nEs ist klein genug, um es schnell mal einzustecken z.B. beim Joggen oder f\u00fcr den kurzen Gang zur Post. Aber auch gro\u00df genug, dass ein bisschen Geld und sogar die Bankomatkarte reinpasst.<br \/>\nNat\u00fcrlich kann es auch als reines Kartenetui verwendet werden.<br \/>\nDa es aus echtem Leder ist, h\u00e4lt es sehr lange und ist somit sehr nachhaltig.<\/p>\n<p>Material: 100% echtes Leder<br \/>\nMa\u00dfe: ca. 10,5 x 8,0 cm<\/p>\n","protected":false},"excerpt":{"rendered":"<p>Das B\u00f6rserl ist aus echtem Leder gen\u00e4ht und auf der Vorderseite schm\u00fcckt es ein LKW, die R\u00fcckseite ist einfarbig, hat jedoch eine andere Farbe als die Vorderseite. Jedes St\u00fcck ist h\u00e4ndisch zugeschnitten und nat\u00fcrlich auch selbst an der N\u00e4hmaschine gen\u00e4ht. Es gibt einige fertige Varianten davon &#8211; jede im Moment genau 1x. Auf Nachfrage stelle &hellip; <a href=\"https:\/\/www.regionalis.shop\/betas-p-schoenes-aus-leder-stoff\/shop\/kleines-lederboerserl-mit-lkw-applikation\/\">Continued<\/a><\/p>\n","protected":false},"featured_media":1079,"template":"","meta":{"_acf_changed":false},"product_brand":[],"product_cat":[38,96],"product_tag":[],"class_list":{"0":"post-1078","1":"product","2":"type-product","3":"status-publish","4":"has-post-thumbnail","6":"product_cat-baby-kinder","7":"product_cat-taschen-baby-kinder","9":"first","10":"outofstock","11":"purchasable","12":"product-type-simple"},"acf":[],"_links":{"self":[{"href":"https:\/\/www.regionalis.shop\/betas-p-schoenes-aus-leder-stoff\/wp-json\/wp\/v2\/product\/1078","targetHints":{"allow":["GET"]}}],"collection":[{"href":"https:\/\/www.regionalis.shop\/betas-p-schoenes-aus-leder-stoff\/wp-json\/wp\/v2\/product"}],"about":[{"href":"https:\/\/www.regionalis.shop\/betas-p-schoenes-aus-leder-stoff\/wp-json\/wp\/v2\/types\/product"}],"wp:featuredmedia":[{"embeddable":true,"href":"https:\/\/www.regionalis.shop\/betas-p-schoenes-aus-leder-stoff\/wp-json\/wp\/v2\/media\/1079"}],"wp:attachment":[{"href":"https:\/\/www.regionalis.shop\/betas-p-schoenes-aus-leder-stoff\/wp-json\/wp\/v2\/media?parent=1078"}],"wp:term":[{"taxonomy":"product_brand","embeddable":true,"href":"https:\/\/www.regionalis.shop\/betas-p-schoenes-aus-leder-stoff\/wp-json\/wp\/v2\/product_brand?post=1078"},{"taxonomy":"product_cat","embeddable":true,"href":"https:\/\/www.regionalis.shop\/betas-p-schoenes-aus-leder-stoff\/wp-json\/wp\/v2\/product_cat?post=1078"},{"taxonomy":"product_tag","embeddable":true,"href":"https:\/\/www.regionalis.shop\/betas-p-schoenes-aus-leder-stoff\/wp-json\/wp\/v2\/product_tag?post=1078"}],"curies":[{"name":"wp","href":"https:\/\/api.w.org\/{rel}","templated":true}]}}