{"id":1072,"date":"2025-04-18T05:00:06","date_gmt":"2025-04-18T03:00:06","guid":{"rendered":"https:\/\/www.regionalis.shop\/betondekorationen-stefan\/product\/beton-deko-stern-klein\/"},"modified":"2025-04-18T05:00:06","modified_gmt":"2025-04-18T03:00:06","slug":"beton-deko-stern-klein","status":"publish","type":"product","link":"https:\/\/www.regionalis.shop\/betondekorationen-stefan\/shop\/beton-deko-stern-klein\/","title":{"rendered":"Beton Deko Stern klein"},"content":{"rendered":"<p>Der Stern ist als Weihnachtsdeko f\u00fcr den Garten, die Terrasse oder auch in Wohnbereich verwendbar.<br \/>\nDer Stern hat eine Gr\u00f6\u00dfe von 10 cm und St\u00e4rke von 2 cm und hat einen Eisenstab mit 50 cm.<br \/>\nKann man auch ohne Stab mit Loch zum aufh\u00e4ngen haben<br \/>\nDieser ist in Natur grau, wei\u00df oder patiniert erh\u00e4ltlich.<br \/>\nDer Stern ist auch auf Wunsch mit verschiedenen Aufschriften und Symbolen und Farben  zu haben.<br \/>\nDie drei Sterne sind in allen drei Gr\u00f6\u00dfen als Set zu haben.<\/p>\n","protected":false},"excerpt":{"rendered":"<p>Der Stern ist als Weihnachtsdeko f\u00fcr den Garten, die Terrasse oder auch in Wohnbereich verwendbar. Der Stern hat eine Gr\u00f6\u00dfe von 10 cm und St\u00e4rke von 2 cm und hat einen Eisenstab mit 50 cm. Kann man auch ohne Stab mit Loch zum aufh\u00e4ngen haben Dieser ist in Natur grau, wei\u00df oder patiniert erh\u00e4ltlich. Der &hellip; <a href=\"https:\/\/www.regionalis.shop\/betondekorationen-stefan\/shop\/beton-deko-stern-klein\/\">Continued<\/a><\/p>\n","protected":false},"featured_media":1073,"template":"","meta":{"_acf_changed":false},"product_brand":[],"product_cat":[173,103],"product_tag":[],"class_list":{"0":"post-1072","1":"product","2":"type-product","3":"status-publish","4":"has-post-thumbnail","6":"product_cat-weihnachten","7":"product_cat-wohnen-deko","9":"first","10":"instock","11":"purchasable","12":"product-type-simple"},"acf":[],"_links":{"self":[{"href":"https:\/\/www.regionalis.shop\/betondekorationen-stefan\/wp-json\/wp\/v2\/product\/1072","targetHints":{"allow":["GET"]}}],"collection":[{"href":"https:\/\/www.regionalis.shop\/betondekorationen-stefan\/wp-json\/wp\/v2\/product"}],"about":[{"href":"https:\/\/www.regionalis.shop\/betondekorationen-stefan\/wp-json\/wp\/v2\/types\/product"}],"wp:featuredmedia":[{"embeddable":true,"href":"https:\/\/www.regionalis.shop\/betondekorationen-stefan\/wp-json\/wp\/v2\/media\/1073"}],"wp:attachment":[{"href":"https:\/\/www.regionalis.shop\/betondekorationen-stefan\/wp-json\/wp\/v2\/media?parent=1072"}],"wp:term":[{"taxonomy":"product_brand","embeddable":true,"href":"https:\/\/www.regionalis.shop\/betondekorationen-stefan\/wp-json\/wp\/v2\/product_brand?post=1072"},{"taxonomy":"product_cat","embeddable":true,"href":"https:\/\/www.regionalis.shop\/betondekorationen-stefan\/wp-json\/wp\/v2\/product_cat?post=1072"},{"taxonomy":"product_tag","embeddable":true,"href":"https:\/\/www.regionalis.shop\/betondekorationen-stefan\/wp-json\/wp\/v2\/product_tag?post=1072"}],"curies":[{"name":"wp","href":"https:\/\/api.w.org\/{rel}","templated":true}]}}