{"id":1121,"date":"2025-04-18T01:13:23","date_gmt":"2025-04-17T23:13:23","guid":{"rendered":"https:\/\/www.regionalis.shop\/betondekorationen-stefan\/product\/windlicht-aus-glasflasche\/"},"modified":"2025-04-18T01:13:23","modified_gmt":"2025-04-17T23:13:23","slug":"windlicht-aus-glasflasche","status":"publish","type":"product","link":"https:\/\/www.regionalis.shop\/betondekorationen-stefan\/shop\/windlicht-aus-glasflasche\/","title":{"rendered":"Windlicht aus Glasflasche"},"content":{"rendered":"<p>Windlicht aus Glasflasche<br \/>\nFlaschen-Upcycling<\/p>\n<p>Der Boden der Flasche wurde abgetrennt und durch einen Betonsockel, gefertigt aus weissem Marmor- und feinem Quarzsand, ersetzt. Das Windlicht wird mit einem Teelicht oder mit einem LED Stopellicht geliefert.<\/p>\n<p>Diese Windlichter eignen sich hervorragend f\u00fcr eine gem\u00fctliche Beleuchtung auch f\u00fcr drau\u00dfen, da sie, wie der Name vermuten l\u00e4sst, auch bei Wind im Freien nicht erlischt.<\/p>\n<p>ACHTUNG: Bei Benutzung wird der oberer Bereich der Flasche sehr warm. Fassen Sie bitte die Flasche im unteren Bereich an, um das Teelicht zu ersetzen oder zu l\u00f6schen!<\/p>\n<p>Hinweis: Falls Sie sich entschlie\u00dfen ein solches Windlicht zu kaufen, nehmen sie bitte vorher Kontakt mit mir auf! Ich kann nicht garantieren, dass die hier gezeigten Modelle noch vorr\u00e4tig sind. Gern fertige ich aber ein Windlicht nach ihren W\u00fcnschen an. Ich bitte sie zu beachten, dass die Lieferzeit bis zu 10 Tage betragen kann.<\/p>\n","protected":false},"excerpt":{"rendered":"<p>Windlicht aus Glasflasche Flaschen-Upcycling Der Boden der Flasche wurde abgetrennt und durch einen Betonsockel, gefertigt aus weissem Marmor- und feinem Quarzsand, ersetzt. Das Windlicht wird mit einem Teelicht oder mit einem LED Stopellicht geliefert. Diese Windlichter eignen sich hervorragend f\u00fcr eine gem\u00fctliche Beleuchtung auch f\u00fcr drau\u00dfen, da sie, wie der Name vermuten l\u00e4sst, auch bei &hellip; <a href=\"https:\/\/www.regionalis.shop\/betondekorationen-stefan\/shop\/windlicht-aus-glasflasche\/\">Continued<\/a><\/p>\n","protected":false},"featured_media":1122,"template":"","meta":{"_acf_changed":false},"product_brand":[],"product_cat":[132,103],"product_tag":[],"class_list":{"0":"post-1121","1":"product","2":"type-product","3":"status-publish","4":"has-post-thumbnail","6":"product_cat-garten-terrasse","7":"product_cat-wohnen-deko","9":"first","10":"instock","11":"purchasable","12":"product-type-simple"},"acf":[],"_links":{"self":[{"href":"https:\/\/www.regionalis.shop\/betondekorationen-stefan\/wp-json\/wp\/v2\/product\/1121","targetHints":{"allow":["GET"]}}],"collection":[{"href":"https:\/\/www.regionalis.shop\/betondekorationen-stefan\/wp-json\/wp\/v2\/product"}],"about":[{"href":"https:\/\/www.regionalis.shop\/betondekorationen-stefan\/wp-json\/wp\/v2\/types\/product"}],"wp:featuredmedia":[{"embeddable":true,"href":"https:\/\/www.regionalis.shop\/betondekorationen-stefan\/wp-json\/wp\/v2\/media\/1122"}],"wp:attachment":[{"href":"https:\/\/www.regionalis.shop\/betondekorationen-stefan\/wp-json\/wp\/v2\/media?parent=1121"}],"wp:term":[{"taxonomy":"product_brand","embeddable":true,"href":"https:\/\/www.regionalis.shop\/betondekorationen-stefan\/wp-json\/wp\/v2\/product_brand?post=1121"},{"taxonomy":"product_cat","embeddable":true,"href":"https:\/\/www.regionalis.shop\/betondekorationen-stefan\/wp-json\/wp\/v2\/product_cat?post=1121"},{"taxonomy":"product_tag","embeddable":true,"href":"https:\/\/www.regionalis.shop\/betondekorationen-stefan\/wp-json\/wp\/v2\/product_tag?post=1121"}],"curies":[{"name":"wp","href":"https:\/\/api.w.org\/{rel}","templated":true}]}}