{"id":1163,"date":"2025-04-18T00:40:34","date_gmt":"2025-04-17T22:40:34","guid":{"rendered":"https:\/\/www.regionalis.shop\/betondekorationen-stefan\/product\/beton-deko-blumenschale\/"},"modified":"2025-04-18T00:40:34","modified_gmt":"2025-04-17T22:40:34","slug":"beton-deko-blumenschale","status":"publish","type":"product","link":"https:\/\/www.regionalis.shop\/betondekorationen-stefan\/shop\/beton-deko-blumenschale\/","title":{"rendered":"Beton Deko Blumenschale"},"content":{"rendered":"<p>Beton Deko Blumenschale<\/p>\n<p>Gefertig aus Quarzsand oder Estrichbeton.<\/p>\n<p>Vielseitig verwendbar als Tisch- und Gartendekoration oder auch als Dekoschale f\u00fcr Allerheiligen Grabschmuck.<\/p>\n<p>Masse: L\u00e4nge 52 cm H\u00f6he 15 und Breite 13 cm.<\/p>\n<p>Blumen nicht inklusive, aber gegen Aufpreis m\u00f6glich<\/p>\n","protected":false},"excerpt":{"rendered":"<p>Beton Deko Blumenschale Gefertig aus Quarzsand oder Estrichbeton. Vielseitig verwendbar als Tisch- und Gartendekoration oder auch als Dekoschale f\u00fcr Allerheiligen Grabschmuck. Masse: L\u00e4nge 52 cm H\u00f6he 15 und Breite 13 cm. Blumen nicht inklusive, aber gegen Aufpreis m\u00f6glich<\/p>\n","protected":false},"featured_media":1164,"template":"","meta":{"_acf_changed":false},"product_brand":[],"product_cat":[132,103],"product_tag":[],"class_list":{"0":"post-1163","1":"product","2":"type-product","3":"status-publish","4":"has-post-thumbnail","6":"product_cat-garten-terrasse","7":"product_cat-wohnen-deko","9":"first","10":"instock","11":"purchasable","12":"product-type-simple"},"acf":[],"_links":{"self":[{"href":"https:\/\/www.regionalis.shop\/betondekorationen-stefan\/wp-json\/wp\/v2\/product\/1163","targetHints":{"allow":["GET"]}}],"collection":[{"href":"https:\/\/www.regionalis.shop\/betondekorationen-stefan\/wp-json\/wp\/v2\/product"}],"about":[{"href":"https:\/\/www.regionalis.shop\/betondekorationen-stefan\/wp-json\/wp\/v2\/types\/product"}],"wp:featuredmedia":[{"embeddable":true,"href":"https:\/\/www.regionalis.shop\/betondekorationen-stefan\/wp-json\/wp\/v2\/media\/1164"}],"wp:attachment":[{"href":"https:\/\/www.regionalis.shop\/betondekorationen-stefan\/wp-json\/wp\/v2\/media?parent=1163"}],"wp:term":[{"taxonomy":"product_brand","embeddable":true,"href":"https:\/\/www.regionalis.shop\/betondekorationen-stefan\/wp-json\/wp\/v2\/product_brand?post=1163"},{"taxonomy":"product_cat","embeddable":true,"href":"https:\/\/www.regionalis.shop\/betondekorationen-stefan\/wp-json\/wp\/v2\/product_cat?post=1163"},{"taxonomy":"product_tag","embeddable":true,"href":"https:\/\/www.regionalis.shop\/betondekorationen-stefan\/wp-json\/wp\/v2\/product_tag?post=1163"}],"curies":[{"name":"wp","href":"https:\/\/api.w.org\/{rel}","templated":true}]}}