{"id":1063,"date":"2025-04-18T07:08:46","date_gmt":"2025-04-18T05:08:46","guid":{"rendered":"https:\/\/www.regionalis.shop\/betonperle\/product\/fisch\/"},"modified":"2025-04-18T07:08:46","modified_gmt":"2025-04-18T05:08:46","slug":"fisch","status":"publish","type":"product","link":"https:\/\/www.regionalis.shop\/betonperle\/shop\/fisch\/","title":{"rendered":"Fisch"},"content":{"rendered":"<p>Geschenk zur Taufe oder zur Erstkommunion &#8211; Fisch<\/p>\n<p>Ein symboltr\u00e4chtiges Geschenk<\/p>\n<p>Feiere die heilige Taufe oder die Erstkommunion mit unserem Betonfisch, einem besonderen und symboltr\u00e4chtigen Geschenk, das in kunstvoller Betongestaltung pr\u00e4sentiert wird. Der Fisch hat im Christentum eine tiefe Bedeutung und steht f\u00fcr den Glauben, die Hoffnung und die Gemeinschaft.<\/p>\n<p>Mit einer Gr\u00f6\u00dfe von ca. 20 cm wird dieser Betonfisch nicht nur zum dekorativen Element in der Kinderzimmer-Dekoration, sondern auch zu einem unvergesslichen Erinnerungsst\u00fcck.<\/p>\n<p>Personalisierung: Du kannst den Fisch mit dem Namen des Kindes und dem Datum der Taufe bzw. Erstkommunion individuell gestalten, was ihn zu einem einzigartigen Geschenk macht, das Generationen \u00fcberdauert.<\/p>\n<p>Details:<\/p>\n<p>    Material: Beton<br \/>\n    Symbolik: Bedeutungsvoller Fisch im Christentum<br \/>\n    Gr\u00f6\u00dfe: ca. 20 cm<br \/>\n    Personalisierbar: Name und Datum des Kindes<\/p>\n<p>Schaffe mit diesem Betonfisch ein bleibendes Erinnerungsst\u00fcck, das nicht nur zur Taufe, sondern auch f\u00fcr alle zuk\u00fcnftigen Lebensabschnitte des Kindes von Bedeutung sein wird.<\/p>\n<p>Allgemeine Hinweise:<\/p>\n<p>F\u00fcr die Beschriftung &#8222;Datum&#8220; und &#8222;Name vom Kind&#8220;, bitte am Ende vom Bestellvorgang im Textfeld &#8222;Zus\u00e4tzliche Informationen&#8220; den Wunschtext eingeben.<\/p>\n","protected":false},"excerpt":{"rendered":"<p>Geschenk zur Taufe oder zur Erstkommunion &#8211; Fisch Ein symboltr\u00e4chtiges Geschenk Feiere die heilige Taufe oder die Erstkommunion mit unserem Betonfisch, einem besonderen und symboltr\u00e4chtigen Geschenk, das in kunstvoller Betongestaltung pr\u00e4sentiert wird. Der Fisch hat im Christentum eine tiefe Bedeutung und steht f\u00fcr den Glauben, die Hoffnung und die Gemeinschaft. Mit einer Gr\u00f6\u00dfe von ca. &hellip; <a href=\"https:\/\/www.regionalis.shop\/betonperle\/shop\/fisch\/\">Continued<\/a><\/p>\n","protected":false},"featured_media":1064,"template":"","meta":{"_acf_changed":false},"product_brand":[],"product_cat":[38,80],"product_tag":[],"class_list":{"0":"post-1063","1":"product","2":"type-product","3":"status-publish","4":"has-post-thumbnail","6":"product_cat-baby-kinder","7":"product_cat-sonstiges-baby-kinder","9":"first","10":"instock","11":"purchasable","12":"product-type-simple"},"acf":[],"_links":{"self":[{"href":"https:\/\/www.regionalis.shop\/betonperle\/wp-json\/wp\/v2\/product\/1063","targetHints":{"allow":["GET"]}}],"collection":[{"href":"https:\/\/www.regionalis.shop\/betonperle\/wp-json\/wp\/v2\/product"}],"about":[{"href":"https:\/\/www.regionalis.shop\/betonperle\/wp-json\/wp\/v2\/types\/product"}],"wp:featuredmedia":[{"embeddable":true,"href":"https:\/\/www.regionalis.shop\/betonperle\/wp-json\/wp\/v2\/media\/1064"}],"wp:attachment":[{"href":"https:\/\/www.regionalis.shop\/betonperle\/wp-json\/wp\/v2\/media?parent=1063"}],"wp:term":[{"taxonomy":"product_brand","embeddable":true,"href":"https:\/\/www.regionalis.shop\/betonperle\/wp-json\/wp\/v2\/product_brand?post=1063"},{"taxonomy":"product_cat","embeddable":true,"href":"https:\/\/www.regionalis.shop\/betonperle\/wp-json\/wp\/v2\/product_cat?post=1063"},{"taxonomy":"product_tag","embeddable":true,"href":"https:\/\/www.regionalis.shop\/betonperle\/wp-json\/wp\/v2\/product_tag?post=1063"}],"curies":[{"name":"wp","href":"https:\/\/api.w.org\/{rel}","templated":true}]}}