{"id":1065,"date":"2025-04-18T06:56:07","date_gmt":"2025-04-18T04:56:07","guid":{"rendered":"https:\/\/www.regionalis.shop\/betonperle\/product\/schnecke\/"},"modified":"2025-04-18T06:56:07","modified_gmt":"2025-04-18T04:56:07","slug":"schnecke","status":"publish","type":"product","link":"https:\/\/www.regionalis.shop\/betonperle\/shop\/schnecke\/","title":{"rendered":"Schnecke"},"content":{"rendered":"<p>Schnecke mit Haus aus Beton in Goldbronze. Ein echter Hingucker f\u00fcr den Garten oder deine Terrassendeko. ca. 12cm breit.<\/p>\n<p>Beton ist ein Naturprodukt, minimale Staubr\u00fcckst\u00e4nde sind daher \u00fcblich. Da das Produkt per Hand gefertigt wird, k\u00f6nnen Lufteinschl\u00fcsse und nicht ganz glatte Fl\u00e4chen vorkommen.<\/p>\n","protected":false},"excerpt":{"rendered":"<p>Schnecke mit Haus aus Beton in Goldbronze. Ein echter Hingucker f\u00fcr den Garten oder deine Terrassendeko. ca. 12cm breit. Beton ist ein Naturprodukt, minimale Staubr\u00fcckst\u00e4nde sind daher \u00fcblich. Da das Produkt per Hand gefertigt wird, k\u00f6nnen Lufteinschl\u00fcsse und nicht ganz glatte Fl\u00e4chen vorkommen.<\/p>\n","protected":false},"featured_media":1066,"template":"","meta":{"_acf_changed":false},"product_brand":[],"product_cat":[132,103],"product_tag":[],"class_list":{"0":"post-1065","1":"product","2":"type-product","3":"status-publish","4":"has-post-thumbnail","6":"product_cat-garten-terrasse","7":"product_cat-wohnen-deko","9":"first","10":"instock","11":"purchasable","12":"product-type-simple"},"acf":[],"_links":{"self":[{"href":"https:\/\/www.regionalis.shop\/betonperle\/wp-json\/wp\/v2\/product\/1065","targetHints":{"allow":["GET"]}}],"collection":[{"href":"https:\/\/www.regionalis.shop\/betonperle\/wp-json\/wp\/v2\/product"}],"about":[{"href":"https:\/\/www.regionalis.shop\/betonperle\/wp-json\/wp\/v2\/types\/product"}],"wp:featuredmedia":[{"embeddable":true,"href":"https:\/\/www.regionalis.shop\/betonperle\/wp-json\/wp\/v2\/media\/1066"}],"wp:attachment":[{"href":"https:\/\/www.regionalis.shop\/betonperle\/wp-json\/wp\/v2\/media?parent=1065"}],"wp:term":[{"taxonomy":"product_brand","embeddable":true,"href":"https:\/\/www.regionalis.shop\/betonperle\/wp-json\/wp\/v2\/product_brand?post=1065"},{"taxonomy":"product_cat","embeddable":true,"href":"https:\/\/www.regionalis.shop\/betonperle\/wp-json\/wp\/v2\/product_cat?post=1065"},{"taxonomy":"product_tag","embeddable":true,"href":"https:\/\/www.regionalis.shop\/betonperle\/wp-json\/wp\/v2\/product_tag?post=1065"}],"curies":[{"name":"wp","href":"https:\/\/api.w.org\/{rel}","templated":true}]}}