{"id":1069,"date":"2025-04-18T06:55:09","date_gmt":"2025-04-18T04:55:09","guid":{"rendered":"https:\/\/www.regionalis.shop\/betonperle\/product\/blumenvase-geometrico-2\/"},"modified":"2025-04-18T06:55:09","modified_gmt":"2025-04-18T04:55:09","slug":"blumenvase-geometrico-2","status":"publish","type":"product","link":"https:\/\/www.regionalis.shop\/betonperle\/shop\/blumenvase-geometrico-2\/","title":{"rendered":"Blumenvase &#8211; Geometrico 2"},"content":{"rendered":"<p>Geometrische Blumenvase aus Beton \u2013 Stilvolle Akzente f\u00fcr kleine Blumenstr\u00e4u\u00dfe<\/p>\n<p>Verleihe deinem Zuhause mit der geometrischen Blumenvase aus Beton in marmorierten Farbt\u00f6nen einen modernen und eleganten Look. Diese einzigartige Vase ist ideal f\u00fcr kleine Blumenstr\u00e4u\u00dfe, sei es mit frischen Wiesenblumen oder stilvollen Trockenblumen.<\/p>\n<p>Mit einer H\u00f6he von ca. 10 cm ist die Vase das perfekte Mitbringsel oder Geschenk f\u00fcr jede Gelegenheit. Ob als dekoratives Element auf dem Tisch, im Regal oder als stilvolle Erg\u00e4nzung zu deiner Wohnkultur \u2013 diese Vase setzt jeden kleinen Strau\u00df gekonnt in Szene.<\/p>\n<p>Details:<\/p>\n<p>    Material: Beton<br \/>\n    Design: Geometrisch mit marmorierten Farbt\u00f6nen<br \/>\n    H\u00f6he: ca. 10 cm<br \/>\n    Verwendung: Ideal f\u00fcr kleine Blumenstr\u00e4u\u00dfe oder Trockenblumen<br \/>\n    Geschenkidee: Perfekt als kleines Mitbringsel oder Geschenk<\/p>\n<p>Entdecke die Vielseitigkeit und \u00c4sthetik dieser Blumenvase und bringe frischen Wind in deine Dekoration.<\/p>\n<p>Die Trockenblumen sind nicht enthalten.<\/p>\n<p>Allgemeine Hinweise:<\/p>\n<p>Jedes Produkt ist ein Unikat und wird auf Bestellung produziert. Die Produktionszeit dauert ca. 5-7 Tage (zuz\u00fcglich Versandzeit).<\/p>\n<p>Beton ist ein Naturprodukt, minimale Staubr\u00fcckst\u00e4nde sind daher \u00fcblich. Da das Produkt per Hand gefertigt wird, k\u00f6nnen Lufteinschl\u00fcsse und nicht ganz glatte Fl\u00e4chen vorkommen.<\/p>\n","protected":false},"excerpt":{"rendered":"<p>Geometrische Blumenvase aus Beton \u2013 Stilvolle Akzente f\u00fcr kleine Blumenstr\u00e4u\u00dfe Verleihe deinem Zuhause mit der geometrischen Blumenvase aus Beton in marmorierten Farbt\u00f6nen einen modernen und eleganten Look. Diese einzigartige Vase ist ideal f\u00fcr kleine Blumenstr\u00e4u\u00dfe, sei es mit frischen Wiesenblumen oder stilvollen Trockenblumen. Mit einer H\u00f6he von ca. 10 cm ist die Vase das perfekte &hellip; <a href=\"https:\/\/www.regionalis.shop\/betonperle\/shop\/blumenvase-geometrico-2\/\">Continued<\/a><\/p>\n","protected":false},"featured_media":0,"template":"","meta":{"_acf_changed":false},"product_brand":[],"product_cat":[174,103],"product_tag":[],"class_list":{"0":"post-1069","1":"product","2":"type-product","3":"status-publish","5":"product_cat-wohndekoration","6":"product_cat-wohnen-deko","8":"first","9":"instock","10":"purchasable","11":"product-type-simple"},"acf":[],"_links":{"self":[{"href":"https:\/\/www.regionalis.shop\/betonperle\/wp-json\/wp\/v2\/product\/1069","targetHints":{"allow":["GET"]}}],"collection":[{"href":"https:\/\/www.regionalis.shop\/betonperle\/wp-json\/wp\/v2\/product"}],"about":[{"href":"https:\/\/www.regionalis.shop\/betonperle\/wp-json\/wp\/v2\/types\/product"}],"wp:attachment":[{"href":"https:\/\/www.regionalis.shop\/betonperle\/wp-json\/wp\/v2\/media?parent=1069"}],"wp:term":[{"taxonomy":"product_brand","embeddable":true,"href":"https:\/\/www.regionalis.shop\/betonperle\/wp-json\/wp\/v2\/product_brand?post=1069"},{"taxonomy":"product_cat","embeddable":true,"href":"https:\/\/www.regionalis.shop\/betonperle\/wp-json\/wp\/v2\/product_cat?post=1069"},{"taxonomy":"product_tag","embeddable":true,"href":"https:\/\/www.regionalis.shop\/betonperle\/wp-json\/wp\/v2\/product_tag?post=1069"}],"curies":[{"name":"wp","href":"https:\/\/api.w.org\/{rel}","templated":true}]}}