{"id":1070,"date":"2025-04-18T06:55:09","date_gmt":"2025-04-18T04:55:09","guid":{"rendered":"https:\/\/www.regionalis.shop\/betonperle\/product\/untersetzer-set-vino\/"},"modified":"2025-04-18T06:55:09","modified_gmt":"2025-04-18T04:55:09","slug":"untersetzer-set-vino","status":"publish","type":"product","link":"https:\/\/www.regionalis.shop\/betonperle\/shop\/untersetzer-set-vino\/","title":{"rendered":"Untersetzer-Set Vino"},"content":{"rendered":"<p>Weinglasuntersetzer aus Beton mit lustigen Spr\u00fcchen<\/p>\n<p>Entdecke unser Set aus 4 runden Weinglasuntersetzern aus Beton, verziert mit charmanten Weinspr\u00fcchen, die bei jedem Weinabend garantiert f\u00fcr gute Laune sorgen. Jeder Untersetzer ist mit einem witzigen Spruch wie &#8222;It&#8217;s wine o&#8216; clock&#8220; oder &#8222;Man muss auch mal Wein sagen&#8220; versehen und bringt einen humorvollen Akzent auf deinen Tisch.<\/p>\n<p>Die Untersetzer sind mit filigranen Gold-Bronze-Verzierungen gestaltet und bieten dank der Filzgleiter an der Unterseite optimalen Schutz f\u00fcr deine M\u00f6bel. Geliefert wird das Set in einem passenden, eleganten Aufbewahrungsbeh\u00e4lter.<\/p>\n<p>Perfekt als Geschenk f\u00fcr Weinliebhaber oder als stilvolle Erg\u00e4nzung f\u00fcr deine eigene Weinbar. Diese handgefertigten Untersetzer aus Beton sind nicht nur robust und langlebig, sondern auch ein echter Hingucker in jedem Zuhause.<\/p>\n<p>    Durchmesser: ca. 9 cm<br \/>\n    Material: Beton, Filzgleiter<br \/>\n    Inkl. Aufbewahrungsbeh\u00e4lter<br \/>\n    Design mit Gold-Bronze-Verzierung<\/p>\n","protected":false},"excerpt":{"rendered":"<p>Weinglasuntersetzer aus Beton mit lustigen Spr\u00fcchen Entdecke unser Set aus 4 runden Weinglasuntersetzern aus Beton, verziert mit charmanten Weinspr\u00fcchen, die bei jedem Weinabend garantiert f\u00fcr gute Laune sorgen. Jeder Untersetzer ist mit einem witzigen Spruch wie &#8222;It&#8217;s wine o&#8216; clock&#8220; oder &#8222;Man muss auch mal Wein sagen&#8220; versehen und bringt einen humorvollen Akzent auf deinen &hellip; <a href=\"https:\/\/www.regionalis.shop\/betonperle\/shop\/untersetzer-set-vino\/\">Continued<\/a><\/p>\n","protected":false},"featured_media":1071,"template":"","meta":{"_acf_changed":false},"product_brand":[],"product_cat":[127,103],"product_tag":[],"class_list":{"0":"post-1070","1":"product","2":"type-product","3":"status-publish","4":"has-post-thumbnail","6":"product_cat-essen-trinken","7":"product_cat-wohnen-deko","9":"first","10":"instock","11":"purchasable","12":"product-type-simple"},"acf":[],"_links":{"self":[{"href":"https:\/\/www.regionalis.shop\/betonperle\/wp-json\/wp\/v2\/product\/1070","targetHints":{"allow":["GET"]}}],"collection":[{"href":"https:\/\/www.regionalis.shop\/betonperle\/wp-json\/wp\/v2\/product"}],"about":[{"href":"https:\/\/www.regionalis.shop\/betonperle\/wp-json\/wp\/v2\/types\/product"}],"wp:featuredmedia":[{"embeddable":true,"href":"https:\/\/www.regionalis.shop\/betonperle\/wp-json\/wp\/v2\/media\/1071"}],"wp:attachment":[{"href":"https:\/\/www.regionalis.shop\/betonperle\/wp-json\/wp\/v2\/media?parent=1070"}],"wp:term":[{"taxonomy":"product_brand","embeddable":true,"href":"https:\/\/www.regionalis.shop\/betonperle\/wp-json\/wp\/v2\/product_brand?post=1070"},{"taxonomy":"product_cat","embeddable":true,"href":"https:\/\/www.regionalis.shop\/betonperle\/wp-json\/wp\/v2\/product_cat?post=1070"},{"taxonomy":"product_tag","embeddable":true,"href":"https:\/\/www.regionalis.shop\/betonperle\/wp-json\/wp\/v2\/product_tag?post=1070"}],"curies":[{"name":"wp","href":"https:\/\/api.w.org\/{rel}","templated":true}]}}