{"id":1061,"date":"2025-04-18T05:52:16","date_gmt":"2025-04-18T03:52:16","guid":{"rendered":"https:\/\/www.regionalis.shop\/bienenwachstuecher_beelea\/product\/taschenherzen\/"},"modified":"2025-04-18T05:52:16","modified_gmt":"2025-04-18T03:52:16","slug":"taschenherzen","status":"publish","type":"product","link":"https:\/\/www.regionalis.shop\/bienenwachstuecher_beelea\/shop\/taschenherzen\/","title":{"rendered":"Taschenherzen"},"content":{"rendered":"<p>&#8222;Taschenherzen&#8220;, eine nachhaltige Idee f\u00fcr wiederverwendbare Verpackung. Ideal zum Valentinstag. F\u00fcr kleine Botschaften, Einladungen, Gutscheine oder S\u00fc\u00dfigkeiten.<br \/>\nNat\u00fcrlich aus Baumwollstoff<br \/>\nund 100% handgemacht<\/p>\n","protected":false},"excerpt":{"rendered":"<p>&#8222;Taschenherzen&#8220;, eine nachhaltige Idee f\u00fcr wiederverwendbare Verpackung. Ideal zum Valentinstag. F\u00fcr kleine Botschaften, Einladungen, Gutscheine oder S\u00fc\u00dfigkeiten. Nat\u00fcrlich aus Baumwollstoff und 100% handgemacht<\/p>\n","protected":false},"featured_media":1062,"template":"","meta":{"_acf_changed":false},"product_brand":[],"product_cat":[160,103],"product_tag":[],"class_list":{"0":"post-1061","1":"product","2":"type-product","3":"status-publish","4":"has-post-thumbnail","6":"product_cat-nachhaltiger-haushalt","7":"product_cat-wohnen-deko","9":"first","10":"instock","11":"purchasable","12":"product-type-simple"},"acf":[],"_links":{"self":[{"href":"https:\/\/www.regionalis.shop\/bienenwachstuecher_beelea\/wp-json\/wp\/v2\/product\/1061","targetHints":{"allow":["GET"]}}],"collection":[{"href":"https:\/\/www.regionalis.shop\/bienenwachstuecher_beelea\/wp-json\/wp\/v2\/product"}],"about":[{"href":"https:\/\/www.regionalis.shop\/bienenwachstuecher_beelea\/wp-json\/wp\/v2\/types\/product"}],"wp:featuredmedia":[{"embeddable":true,"href":"https:\/\/www.regionalis.shop\/bienenwachstuecher_beelea\/wp-json\/wp\/v2\/media\/1062"}],"wp:attachment":[{"href":"https:\/\/www.regionalis.shop\/bienenwachstuecher_beelea\/wp-json\/wp\/v2\/media?parent=1061"}],"wp:term":[{"taxonomy":"product_brand","embeddable":true,"href":"https:\/\/www.regionalis.shop\/bienenwachstuecher_beelea\/wp-json\/wp\/v2\/product_brand?post=1061"},{"taxonomy":"product_cat","embeddable":true,"href":"https:\/\/www.regionalis.shop\/bienenwachstuecher_beelea\/wp-json\/wp\/v2\/product_cat?post=1061"},{"taxonomy":"product_tag","embeddable":true,"href":"https:\/\/www.regionalis.shop\/bienenwachstuecher_beelea\/wp-json\/wp\/v2\/product_tag?post=1061"}],"curies":[{"name":"wp","href":"https:\/\/api.w.org\/{rel}","templated":true}]}}