{"id":1097,"date":"2025-04-18T05:41:24","date_gmt":"2025-04-18T03:41:24","guid":{"rendered":"https:\/\/www.regionalis.shop\/bienenwachstuecher_beelea\/product\/bienenwachstuch-set-gross-5-tuecher\/"},"modified":"2025-04-18T05:41:24","modified_gmt":"2025-04-18T03:41:24","slug":"bienenwachstuch-set-gross-5-tuecher","status":"publish","type":"product","link":"https:\/\/www.regionalis.shop\/bienenwachstuecher_beelea\/shop\/bienenwachstuch-set-gross-5-tuecher\/","title":{"rendered":"BIENENWACHSTUCH &#8211; Set Gross 5 T\u00fccher"},"content":{"rendered":"<p>WIEDERVERWENDBARE BIENENWACHST\u00dcCHER<\/p>\n<p>Zum Frischhalten von Lebensmitteln und Abdecken von Sch\u00fcsseln.<\/p>\n<p>Selbsthaftend. L\u00e4sst sich durch Handw\u00e4rme in Form bringen. Mit kaltem Wasser bzw. mildem Sp\u00fclmittel abwaschbar.<\/p>\n<p>Mehrere Stoffmuster, um ein Set zusammen stellen zu k\u00f6nnen, stehen zu Verf\u00fcgung.<\/p>\n<p>INHALT: 1x Gro\u00df, 1xRund, 1 x Mittel, 2 x Klein<\/p>\n<p>ABMESSUNGEN: 30cm x 30cm, \u00d830cm, 25cm x 25cm, 15cm x 15cm<\/p>\n<p>HALTBARKEIT: ca. 1 bis 2 Jahre<\/p>\n<p>INHALTSSTOFFE: Baumwolle*, Bienenwachs*, Raps\u00f6l*, Kolophonium*,Propolis*<\/p>\n<p>*aus kontrolliert biologischer Produktion<\/p>\n","protected":false},"excerpt":{"rendered":"<p>WIEDERVERWENDBARE BIENENWACHST\u00dcCHER Zum Frischhalten von Lebensmitteln und Abdecken von Sch\u00fcsseln. Selbsthaftend. L\u00e4sst sich durch Handw\u00e4rme in Form bringen. Mit kaltem Wasser bzw. mildem Sp\u00fclmittel abwaschbar. Mehrere Stoffmuster, um ein Set zusammen stellen zu k\u00f6nnen, stehen zu Verf\u00fcgung. INHALT: 1x Gro\u00df, 1xRund, 1 x Mittel, 2 x Klein ABMESSUNGEN: 30cm x 30cm, \u00d830cm, 25cm x 25cm, &hellip; <a href=\"https:\/\/www.regionalis.shop\/bienenwachstuecher_beelea\/shop\/bienenwachstuch-set-gross-5-tuecher\/\">Continued<\/a><\/p>\n","protected":false},"featured_media":1098,"template":"","meta":{"_acf_changed":false},"product_brand":[],"product_cat":[160,103],"product_tag":[],"class_list":{"0":"post-1097","1":"product","2":"type-product","3":"status-publish","4":"has-post-thumbnail","6":"product_cat-nachhaltiger-haushalt","7":"product_cat-wohnen-deko","9":"first","10":"instock","11":"purchasable","12":"product-type-simple"},"acf":[],"_links":{"self":[{"href":"https:\/\/www.regionalis.shop\/bienenwachstuecher_beelea\/wp-json\/wp\/v2\/product\/1097","targetHints":{"allow":["GET"]}}],"collection":[{"href":"https:\/\/www.regionalis.shop\/bienenwachstuecher_beelea\/wp-json\/wp\/v2\/product"}],"about":[{"href":"https:\/\/www.regionalis.shop\/bienenwachstuecher_beelea\/wp-json\/wp\/v2\/types\/product"}],"wp:featuredmedia":[{"embeddable":true,"href":"https:\/\/www.regionalis.shop\/bienenwachstuecher_beelea\/wp-json\/wp\/v2\/media\/1098"}],"wp:attachment":[{"href":"https:\/\/www.regionalis.shop\/bienenwachstuecher_beelea\/wp-json\/wp\/v2\/media?parent=1097"}],"wp:term":[{"taxonomy":"product_brand","embeddable":true,"href":"https:\/\/www.regionalis.shop\/bienenwachstuecher_beelea\/wp-json\/wp\/v2\/product_brand?post=1097"},{"taxonomy":"product_cat","embeddable":true,"href":"https:\/\/www.regionalis.shop\/bienenwachstuecher_beelea\/wp-json\/wp\/v2\/product_cat?post=1097"},{"taxonomy":"product_tag","embeddable":true,"href":"https:\/\/www.regionalis.shop\/bienenwachstuecher_beelea\/wp-json\/wp\/v2\/product_tag?post=1097"}],"curies":[{"name":"wp","href":"https:\/\/api.w.org\/{rel}","templated":true}]}}