{"id":862,"date":"2025-05-24T13:44:06","date_gmt":"2025-05-24T11:44:06","guid":{"rendered":"https:\/\/starter.stage.shop-it.at\/?page_id=862"},"modified":"2025-10-23T15:21:37","modified_gmt":"2025-10-23T13:21:37","slug":"startseite","status":"publish","type":"page","link":"https:\/\/www.regionalis.shop\/blaugezeichnet\/","title":{"rendered":"Startseite"},"content":{"rendered":"<section>\n        <div class=\"header-image\">\n            <img decoding=\"async\" src=\"https:\/\/www.regionalis.shop\/app\/uploads\/sites\/74\/495_2020_03_26_18_30_28_369540408.png\" alt=\"\">\n        <\/div>\n    \n    <\/section>\n    <section>\n    <div class=\"header-title\">\n        <h1 class=\"h2\">Willkommen bei blaugezeichnet<\/h1>\n    <\/div>\n            <h2 class=\"h3\">Handgemacht in Wien<\/h2>\n                <p>Mit Liebe gemachte Illustrationen &#8211; digital und analog. Und das Ganze als Post- und Gru\u00dfkarten, im feinen Rahmen f\u00fcr eure Wand oder auf Tasse und Beutel. <\/p>\n<p>Inspiration f\u00fcr die Motive hole ich mir aus meiner Wahlheimat Wien, dem Lebenselexier Kaffee und den zahlreichen Computer- und Brettspielen, mit denen ich mir die Freizeit vers\u00fc\u00dfe. <\/p>\n<p>Am Liebsten zeichne ich verr\u00fcckte und lustige Figuren, die irgendwie Bl\u00f6dsinn machen und mit denen man gro\u00dfartige Geschichten erz\u00e4hlen kann.<\/p>\n\n    \n    <h3>Produkte<\/h3>\n\n    <div class=\"woocommerce columns-3 \"><ul class=\"products columns-3\">\n<li class=\"product type-product post-1052 status-publish first instock product_cat-illustrationen product_cat-kunst-fotografie has-post-thumbnail purchasable product-type-simple\">\n\t<a href=\"https:\/\/www.regionalis.shop\/blaugezeichnet\/shop\/poster-koenig-krone-a3\/\" class=\"woocommerce-LoopProduct-link woocommerce-loop-product__link\"><div class=\"wc-block-grid__product-image\"><img loading=\"lazy\" decoding=\"async\" width=\"420\" height=\"420\" src=\"https:\/\/www.regionalis.shop\/app\/uploads\/sites\/74\/495_2020_03_26_19_05_37_377188447.jpg\" class=\"attachment-large size-large\" alt=\"Poster K\u00f6nig Krone A3\" srcset=\"https:\/\/www.regionalis.shop\/app\/uploads\/sites\/74\/495_2020_03_26_19_05_37_377188447.jpg 420w, https:\/\/www.regionalis.shop\/app\/uploads\/sites\/74\/495_2020_03_26_19_05_37_377188447-300x300.jpg 300w, https:\/\/www.regionalis.shop\/app\/uploads\/sites\/74\/495_2020_03_26_19_05_37_377188447-150x150.jpg 150w, https:\/\/www.regionalis.shop\/app\/uploads\/sites\/74\/495_2020_03_26_19_05_37_377188447-100x100.jpg 100w\" sizes=\"auto, (max-width: 420px) 100vw, 420px\" \/><\/div><h2 class=\"woocommerce-loop-product__title\">Poster K\u00f6nig Krone A3<\/h2>\n\t<span class=\"price\"><span class=\"woocommerce-Price-amount amount\"><bdi>18,00&nbsp;<span class=\"woocommerce-Price-currencySymbol\">&euro;<\/span><\/bdi><\/span><\/span>\n<\/a><\/li>\n<li class=\"product type-product post-1054 status-publish instock product_cat-kunst-fotografie product_cat-kunstdrucke has-post-thumbnail purchasable product-type-simple\">\n\t<a href=\"https:\/\/www.regionalis.shop\/blaugezeichnet\/shop\/linoldruck-jar-of-otters-a5\/\" class=\"woocommerce-LoopProduct-link woocommerce-loop-product__link\"><div class=\"wc-block-grid__product-image\"><img loading=\"lazy\" decoding=\"async\" width=\"420\" height=\"420\" src=\"https:\/\/www.regionalis.shop\/app\/uploads\/sites\/74\/495_2020_03_02_13_06_34_237946102.jpg\" class=\"attachment-large size-large\" alt=\"Linoldruck &quot;Jar of Otters&quot; A5\" srcset=\"https:\/\/www.regionalis.shop\/app\/uploads\/sites\/74\/495_2020_03_02_13_06_34_237946102.jpg 420w, https:\/\/www.regionalis.shop\/app\/uploads\/sites\/74\/495_2020_03_02_13_06_34_237946102-300x300.jpg 300w, https:\/\/www.regionalis.shop\/app\/uploads\/sites\/74\/495_2020_03_02_13_06_34_237946102-150x150.jpg 150w, https:\/\/www.regionalis.shop\/app\/uploads\/sites\/74\/495_2020_03_02_13_06_34_237946102-100x100.jpg 100w\" sizes=\"auto, (max-width: 420px) 100vw, 420px\" \/><\/div><h2 class=\"woocommerce-loop-product__title\">Linoldruck &#8222;Jar of Otters&#8220; A5<\/h2>\n\t<span class=\"price\"><span class=\"woocommerce-Price-amount amount\"><bdi>16,00&nbsp;<span class=\"woocommerce-Price-currencySymbol\">&euro;<\/span><\/bdi><\/span><\/span>\n<\/a><\/li>\n<li class=\"product type-product post-1062 status-publish last instock product_cat-papeterie-schreibwaren product_cat-sonstiges-papeterie-schreibwaren has-post-thumbnail purchasable product-type-simple\">\n\t<a href=\"https:\/\/www.regionalis.shop\/blaugezeichnet\/shop\/sticker-otterparty-1-stk\/\" class=\"woocommerce-LoopProduct-link woocommerce-loop-product__link\"><div class=\"wc-block-grid__product-image\"><img loading=\"lazy\" decoding=\"async\" width=\"420\" height=\"420\" src=\"https:\/\/www.regionalis.shop\/app\/uploads\/sites\/74\/495_2019_12_03_10_54_23_880647120.jpg\" class=\"attachment-large size-large\" alt=\"Sticker Otterparty 1 Stk.\" srcset=\"https:\/\/www.regionalis.shop\/app\/uploads\/sites\/74\/495_2019_12_03_10_54_23_880647120.jpg 420w, https:\/\/www.regionalis.shop\/app\/uploads\/sites\/74\/495_2019_12_03_10_54_23_880647120-300x300.jpg 300w, https:\/\/www.regionalis.shop\/app\/uploads\/sites\/74\/495_2019_12_03_10_54_23_880647120-150x150.jpg 150w, https:\/\/www.regionalis.shop\/app\/uploads\/sites\/74\/495_2019_12_03_10_54_23_880647120-100x100.jpg 100w\" sizes=\"auto, (max-width: 420px) 100vw, 420px\" \/><\/div><h2 class=\"woocommerce-loop-product__title\">Sticker Otterparty 1 Stk.<\/h2>\n\t<span class=\"price\"><span class=\"woocommerce-Price-amount amount\"><bdi>4,50&nbsp;<span class=\"woocommerce-Price-currencySymbol\">&euro;<\/span><\/bdi><\/span><\/span>\n<\/a><\/li>\n<\/ul>\n<\/div>\n    <p>\n        <a href=\"https:\/\/www.regionalis.shop\/blaugezeichnet\/shop\/\" class=\"btn btn-primary btn-icon-right\">\n            Alle Produkte <i class=\"bi bi-arrow-right-short\"><\/i>\n        <\/a>\n    <\/p>\n<\/section>\n\n<div data-block-name=\"woocommerce\/store-notices\" class=\"wc-block-store-notices woocommerce alignwide alignwide wp-block-woocommerce-store-notices\"><div class=\"woocommerce-notices-wrapper\"><\/div><\/div>","protected":false},"excerpt":{"rendered":"","protected":false},"author":1,"featured_media":0,"parent":0,"menu_order":0,"comment_status":"closed","ping_status":"closed","template":"template-home.blade.php","meta":{"_acf_changed":false,"footnotes":""},"class_list":["post-862","page","type-page","status-publish","hentry"],"acf":[],"_links":{"self":[{"href":"https:\/\/www.regionalis.shop\/blaugezeichnet\/wp-json\/wp\/v2\/pages\/862","targetHints":{"allow":["GET"]}}],"collection":[{"href":"https:\/\/www.regionalis.shop\/blaugezeichnet\/wp-json\/wp\/v2\/pages"}],"about":[{"href":"https:\/\/www.regionalis.shop\/blaugezeichnet\/wp-json\/wp\/v2\/types\/page"}],"author":[{"embeddable":true,"href":"https:\/\/www.regionalis.shop\/blaugezeichnet\/wp-json\/wp\/v2\/users\/1"}],"replies":[{"embeddable":true,"href":"https:\/\/www.regionalis.shop\/blaugezeichnet\/wp-json\/wp\/v2\/comments?post=862"}],"version-history":[{"count":28,"href":"https:\/\/www.regionalis.shop\/blaugezeichnet\/wp-json\/wp\/v2\/pages\/862\/revisions"}],"predecessor-version":[{"id":1041,"href":"https:\/\/www.regionalis.shop\/blaugezeichnet\/wp-json\/wp\/v2\/pages\/862\/revisions\/1041"}],"wp:attachment":[{"href":"https:\/\/www.regionalis.shop\/blaugezeichnet\/wp-json\/wp\/v2\/media?parent=862"}],"curies":[{"name":"wp","href":"https:\/\/api.w.org\/{rel}","templated":true}]}}