{"id":1052,"date":"2025-04-28T04:22:44","date_gmt":"2025-04-28T02:22:44","guid":{"rendered":"https:\/\/www.regionalis.shop\/blaugezeichnet\/product\/poster-koenig-krone-a3\/"},"modified":"2025-04-28T04:22:44","modified_gmt":"2025-04-28T02:22:44","slug":"poster-koenig-krone-a3","status":"publish","type":"product","link":"https:\/\/www.regionalis.shop\/blaugezeichnet\/shop\/poster-koenig-krone-a3\/","title":{"rendered":"Poster K\u00f6nig Krone A3"},"content":{"rendered":"<p>Dieses Bild ist ein Hoch auf&#8230; ja was eigentlich?!<\/p>\n<p>Manche sagen, hier geht es um das Patriarchat, das mit seinem Bullshit regiert und seine Meinung in die Welt hinaus &#8230; ehem&#8230; posaunt?  <\/p>\n<p>Manche anderen sehen darin einfach nur das perfekte Bild f\u00fcrs H\u00e4usl, um die G\u00e4ste gleicherma\u00dfen zu belustigen und zu verst\u00f6ren. <\/p>\n<p>Was glaubst du steckt hier dahinter? <\/p>\n<p>Digitale Illustration, Verkauf ohne Rahmen.<\/p>\n<p>Gr\u00f6\u00dfe\/Ma\u00dfe\/Gewicht__<br \/>\nDruck DIN A3 (29,7 x 42 cm)<\/p>\n<p>__Verwendete Materialien__<br \/>\n300 g\/m\u00b2 Recycling-Karton, Klimaneutral produziert<\/p>\n","protected":false},"excerpt":{"rendered":"<p>Dieses Bild ist ein Hoch auf&#8230; ja was eigentlich?! Manche sagen, hier geht es um das Patriarchat, das mit seinem Bullshit regiert und seine Meinung in die Welt hinaus &#8230; ehem&#8230; posaunt? Manche anderen sehen darin einfach nur das perfekte Bild f\u00fcrs H\u00e4usl, um die G\u00e4ste gleicherma\u00dfen zu belustigen und zu verst\u00f6ren. Was glaubst du &hellip; <a href=\"https:\/\/www.regionalis.shop\/blaugezeichnet\/shop\/poster-koenig-krone-a3\/\">Continued<\/a><\/p>\n","protected":false},"featured_media":1053,"template":"","meta":{"_acf_changed":false},"product_brand":[],"product_cat":[147,54],"product_tag":[],"class_list":{"0":"post-1052","1":"product","2":"type-product","3":"status-publish","4":"has-post-thumbnail","6":"product_cat-illustrationen","7":"product_cat-kunst-fotografie","9":"first","10":"instock","11":"purchasable","12":"product-type-simple"},"acf":[],"_links":{"self":[{"href":"https:\/\/www.regionalis.shop\/blaugezeichnet\/wp-json\/wp\/v2\/product\/1052","targetHints":{"allow":["GET"]}}],"collection":[{"href":"https:\/\/www.regionalis.shop\/blaugezeichnet\/wp-json\/wp\/v2\/product"}],"about":[{"href":"https:\/\/www.regionalis.shop\/blaugezeichnet\/wp-json\/wp\/v2\/types\/product"}],"wp:featuredmedia":[{"embeddable":true,"href":"https:\/\/www.regionalis.shop\/blaugezeichnet\/wp-json\/wp\/v2\/media\/1053"}],"wp:attachment":[{"href":"https:\/\/www.regionalis.shop\/blaugezeichnet\/wp-json\/wp\/v2\/media?parent=1052"}],"wp:term":[{"taxonomy":"product_brand","embeddable":true,"href":"https:\/\/www.regionalis.shop\/blaugezeichnet\/wp-json\/wp\/v2\/product_brand?post=1052"},{"taxonomy":"product_cat","embeddable":true,"href":"https:\/\/www.regionalis.shop\/blaugezeichnet\/wp-json\/wp\/v2\/product_cat?post=1052"},{"taxonomy":"product_tag","embeddable":true,"href":"https:\/\/www.regionalis.shop\/blaugezeichnet\/wp-json\/wp\/v2\/product_tag?post=1052"}],"curies":[{"name":"wp","href":"https:\/\/api.w.org\/{rel}","templated":true}]}}