{"id":1067,"date":"2025-04-28T04:04:03","date_gmt":"2025-04-28T02:04:03","guid":{"rendered":"https:\/\/www.regionalis.shop\/blaugezeichnet\/product\/otter-weihnachten-vinylsticker-einzeln\/"},"modified":"2025-04-28T04:04:03","modified_gmt":"2025-04-28T02:04:03","slug":"otter-weihnachten-vinylsticker-einzeln","status":"publish","type":"product","link":"https:\/\/www.regionalis.shop\/blaugezeichnet\/shop\/otter-weihnachten-vinylsticker-einzeln\/","title":{"rendered":"Otter Weihnachten Vinylsticker einzeln"},"content":{"rendered":"<p>Oh nein &#8211; was f\u00fcr ein Chaos! Ob wir die Lichterkette jemals wieder ohne Knoten in die Schachtel bekommen? Aber was soll man machen &#8211; kleine Otter sind nun mal super verspielt&#8230; und vor allem dann, wenn das Spielzeug so sch\u00f6n leuchtet!<\/p>\n<p>Einzelner Vinylsticker &#8211; Otter mit Lichterkette<\/p>\n<p>__Gr\u00f6\u00dfe\/Ma\u00dfe\/Gewicht__<br \/>\n72 mm x 75 mm <\/p>\n<p>__Verwendete Materialien__<br \/>\nWetterfestes Vinyl &#8211; auch f\u00fcr Outdoor geeignet<\/p>\n","protected":false},"excerpt":{"rendered":"<p>Oh nein &#8211; was f\u00fcr ein Chaos! Ob wir die Lichterkette jemals wieder ohne Knoten in die Schachtel bekommen? Aber was soll man machen &#8211; kleine Otter sind nun mal super verspielt&#8230; und vor allem dann, wenn das Spielzeug so sch\u00f6n leuchtet! Einzelner Vinylsticker &#8211; Otter mit Lichterkette __Gr\u00f6\u00dfe\/Ma\u00dfe\/Gewicht__ 72 mm x 75 mm __Verwendete &hellip; <a href=\"https:\/\/www.regionalis.shop\/blaugezeichnet\/shop\/otter-weihnachten-vinylsticker-einzeln\/\">Continued<\/a><\/p>\n","protected":false},"featured_media":1068,"template":"","meta":{"_acf_changed":false},"product_brand":[],"product_cat":[162,83],"product_tag":[],"class_list":{"0":"post-1067","1":"product","2":"type-product","3":"status-publish","4":"has-post-thumbnail","6":"product_cat-null","7":"product_cat-sonstiges","9":"first","10":"instock","11":"purchasable","12":"product-type-simple"},"acf":[],"_links":{"self":[{"href":"https:\/\/www.regionalis.shop\/blaugezeichnet\/wp-json\/wp\/v2\/product\/1067","targetHints":{"allow":["GET"]}}],"collection":[{"href":"https:\/\/www.regionalis.shop\/blaugezeichnet\/wp-json\/wp\/v2\/product"}],"about":[{"href":"https:\/\/www.regionalis.shop\/blaugezeichnet\/wp-json\/wp\/v2\/types\/product"}],"wp:featuredmedia":[{"embeddable":true,"href":"https:\/\/www.regionalis.shop\/blaugezeichnet\/wp-json\/wp\/v2\/media\/1068"}],"wp:attachment":[{"href":"https:\/\/www.regionalis.shop\/blaugezeichnet\/wp-json\/wp\/v2\/media?parent=1067"}],"wp:term":[{"taxonomy":"product_brand","embeddable":true,"href":"https:\/\/www.regionalis.shop\/blaugezeichnet\/wp-json\/wp\/v2\/product_brand?post=1067"},{"taxonomy":"product_cat","embeddable":true,"href":"https:\/\/www.regionalis.shop\/blaugezeichnet\/wp-json\/wp\/v2\/product_cat?post=1067"},{"taxonomy":"product_tag","embeddable":true,"href":"https:\/\/www.regionalis.shop\/blaugezeichnet\/wp-json\/wp\/v2\/product_tag?post=1067"}],"curies":[{"name":"wp","href":"https:\/\/api.w.org\/{rel}","templated":true}]}}