{"id":1087,"date":"2025-04-28T03:57:51","date_gmt":"2025-04-28T01:57:51","guid":{"rendered":"https:\/\/www.regionalis.shop\/blaugezeichnet\/product\/sticker-ufo-3-stk\/"},"modified":"2025-04-28T03:57:51","modified_gmt":"2025-04-28T01:57:51","slug":"sticker-ufo-3-stk","status":"publish","type":"product","link":"https:\/\/www.regionalis.shop\/blaugezeichnet\/shop\/sticker-ufo-3-stk\/","title":{"rendered":"Sticker UFO 3 Stk."},"content":{"rendered":"<p>Der Sticker f\u00fcr den echten SciFi-Fan. Egal ob du auf Dr. Who, Star Wars, Firefly, Star Trek oder Final Space stehst  &#8211; das kleine UFO ist nicht w\u00e4hlerisch und freut sich auf ein Pl\u00e4tzchen auf deinem Laptop oder wo auch immer du das Schmuckst\u00fcck anbringen magst.<\/p>\n<p>Und das gleich mehrfach &#8211; denn das UFO kommt in einem 3er Set!<\/p>\n<p>__Gr\u00f6\u00dfe\/Ma\u00dfe\/Gewicht__<br \/>\n73 mm x 75 mm<\/p>\n<p>__Verwendete Materialien__<br \/>\nWetterfestes Vinyl &#8211; auch f\u00fcr Outdoor geeignet<\/p>\n","protected":false},"excerpt":{"rendered":"<p>Der Sticker f\u00fcr den echten SciFi-Fan. Egal ob du auf Dr. Who, Star Wars, Firefly, Star Trek oder Final Space stehst &#8211; das kleine UFO ist nicht w\u00e4hlerisch und freut sich auf ein Pl\u00e4tzchen auf deinem Laptop oder wo auch immer du das Schmuckst\u00fcck anbringen magst. Und das gleich mehrfach &#8211; denn das UFO kommt &hellip; <a href=\"https:\/\/www.regionalis.shop\/blaugezeichnet\/shop\/sticker-ufo-3-stk\/\">Continued<\/a><\/p>\n","protected":false},"featured_media":1088,"template":"","meta":{"_acf_changed":false},"product_brand":[],"product_cat":[62,87],"product_tag":[],"class_list":{"0":"post-1087","1":"product","2":"type-product","3":"status-publish","4":"has-post-thumbnail","6":"product_cat-papeterie-schreibwaren","7":"product_cat-sonstiges-papeterie-schreibwaren","9":"first","10":"instock","11":"purchasable","12":"product-type-simple"},"acf":[],"_links":{"self":[{"href":"https:\/\/www.regionalis.shop\/blaugezeichnet\/wp-json\/wp\/v2\/product\/1087","targetHints":{"allow":["GET"]}}],"collection":[{"href":"https:\/\/www.regionalis.shop\/blaugezeichnet\/wp-json\/wp\/v2\/product"}],"about":[{"href":"https:\/\/www.regionalis.shop\/blaugezeichnet\/wp-json\/wp\/v2\/types\/product"}],"wp:featuredmedia":[{"embeddable":true,"href":"https:\/\/www.regionalis.shop\/blaugezeichnet\/wp-json\/wp\/v2\/media\/1088"}],"wp:attachment":[{"href":"https:\/\/www.regionalis.shop\/blaugezeichnet\/wp-json\/wp\/v2\/media?parent=1087"}],"wp:term":[{"taxonomy":"product_brand","embeddable":true,"href":"https:\/\/www.regionalis.shop\/blaugezeichnet\/wp-json\/wp\/v2\/product_brand?post=1087"},{"taxonomy":"product_cat","embeddable":true,"href":"https:\/\/www.regionalis.shop\/blaugezeichnet\/wp-json\/wp\/v2\/product_cat?post=1087"},{"taxonomy":"product_tag","embeddable":true,"href":"https:\/\/www.regionalis.shop\/blaugezeichnet\/wp-json\/wp\/v2\/product_tag?post=1087"}],"curies":[{"name":"wp","href":"https:\/\/api.w.org\/{rel}","templated":true}]}}