{"id":1055,"date":"2025-04-18T01:26:48","date_gmt":"2025-04-17T23:26:48","guid":{"rendered":"https:\/\/www.regionalis.shop\/buecher-ecke\/product\/lieber-gott-77-briefe-an-die-welt\/"},"modified":"2025-04-18T01:26:48","modified_gmt":"2025-04-17T23:26:48","slug":"lieber-gott-77-briefe-an-die-welt","status":"publish","type":"product","link":"https:\/\/www.regionalis.shop\/buecher-ecke\/shop\/lieber-gott-77-briefe-an-die-welt\/","title":{"rendered":"&#8222;Lieber Gott &#8211; 77 Briefe an die Welt&#8220;"},"content":{"rendered":"<p>Taschenbuch, Kurzgeschichten, 175 Seiten<\/p>\n<p>Es sind nicht irgendwelche Zeilen, die ich an irgendwen richte. Nein, es sind meist ganz allt\u00e4gliche Dinge unseres Lebens. Personen und Gegenst\u00e4nde, bewusst verflochten mit pers\u00f6nlichen Erlebnissen, Erinnerungen und Empfindungen. Humoristisch verpackte Kurzgeschichten, die zum Schmunzeln anregen.<br \/>\nSo bekommt die Allergie genauso einen Brief, wie die Klob\u00fcrste oder die Polizei. Oder wer schreibt sonst an seine Unterhose, eine Nacktschnecke oder an seine Klob\u00fcrste?<br \/>\nHeiteres und \u00c4rgerliches mit mehr als einem Funken Realit\u00e4t!<\/p>\n","protected":false},"excerpt":{"rendered":"<p>Taschenbuch, Kurzgeschichten, 175 Seiten Es sind nicht irgendwelche Zeilen, die ich an irgendwen richte. Nein, es sind meist ganz allt\u00e4gliche Dinge unseres Lebens. Personen und Gegenst\u00e4nde, bewusst verflochten mit pers\u00f6nlichen Erlebnissen, Erinnerungen und Empfindungen. Humoristisch verpackte Kurzgeschichten, die zum Schmunzeln anregen. So bekommt die Allergie genauso einen Brief, wie die Klob\u00fcrste oder die Polizei. Oder &hellip; <a href=\"https:\/\/www.regionalis.shop\/buecher-ecke\/shop\/lieber-gott-77-briefe-an-die-welt\/\">Continued<\/a><\/p>\n","protected":false},"featured_media":1056,"template":"","meta":{"_acf_changed":false},"product_brand":[],"product_cat":[162,83],"product_tag":[],"class_list":{"0":"post-1055","1":"product","2":"type-product","3":"status-publish","4":"has-post-thumbnail","6":"product_cat-null","7":"product_cat-sonstiges","9":"first","10":"instock","11":"purchasable","12":"product-type-simple"},"acf":[],"_links":{"self":[{"href":"https:\/\/www.regionalis.shop\/buecher-ecke\/wp-json\/wp\/v2\/product\/1055","targetHints":{"allow":["GET"]}}],"collection":[{"href":"https:\/\/www.regionalis.shop\/buecher-ecke\/wp-json\/wp\/v2\/product"}],"about":[{"href":"https:\/\/www.regionalis.shop\/buecher-ecke\/wp-json\/wp\/v2\/types\/product"}],"wp:featuredmedia":[{"embeddable":true,"href":"https:\/\/www.regionalis.shop\/buecher-ecke\/wp-json\/wp\/v2\/media\/1056"}],"wp:attachment":[{"href":"https:\/\/www.regionalis.shop\/buecher-ecke\/wp-json\/wp\/v2\/media?parent=1055"}],"wp:term":[{"taxonomy":"product_brand","embeddable":true,"href":"https:\/\/www.regionalis.shop\/buecher-ecke\/wp-json\/wp\/v2\/product_brand?post=1055"},{"taxonomy":"product_cat","embeddable":true,"href":"https:\/\/www.regionalis.shop\/buecher-ecke\/wp-json\/wp\/v2\/product_cat?post=1055"},{"taxonomy":"product_tag","embeddable":true,"href":"https:\/\/www.regionalis.shop\/buecher-ecke\/wp-json\/wp\/v2\/product_tag?post=1055"}],"curies":[{"name":"wp","href":"https:\/\/api.w.org\/{rel}","templated":true}]}}