{"id":1059,"date":"2025-04-18T01:26:48","date_gmt":"2025-04-17T23:26:48","guid":{"rendered":"https:\/\/www.regionalis.shop\/buecher-ecke\/product\/sankt-adelberg-2-das-leben-ist-ein-abenteuer\/"},"modified":"2025-04-18T01:26:48","modified_gmt":"2025-04-17T23:26:48","slug":"sankt-adelberg-2-das-leben-ist-ein-abenteuer","status":"publish","type":"product","link":"https:\/\/www.regionalis.shop\/buecher-ecke\/shop\/sankt-adelberg-2-das-leben-ist-ein-abenteuer\/","title":{"rendered":"&#8222;Sankt Adelberg 2 &#8211; Das Leben ist ein Abenteuer&#8220;"},"content":{"rendered":"<p>Taschenbuch, Kurzgeschichten, 175 Seiten<\/p>\n<p>Das Leben ist ein Abenteuer!<br \/>\nBesonders in Sankt Adelberg, wo die Uhren noch anders gehen.<br \/>\nIm 2. Buch \u00fcber die au\u00dfergew\u00f6hnlichen Vorkommnisse in diesem Ort nimmt Sie der Autor mit in eine Welt, die einen Zacken anders ist. Oder doch nicht?<\/p>\n","protected":false},"excerpt":{"rendered":"<p>Taschenbuch, Kurzgeschichten, 175 Seiten Das Leben ist ein Abenteuer! Besonders in Sankt Adelberg, wo die Uhren noch anders gehen. Im 2. Buch \u00fcber die au\u00dfergew\u00f6hnlichen Vorkommnisse in diesem Ort nimmt Sie der Autor mit in eine Welt, die einen Zacken anders ist. Oder doch nicht?<\/p>\n","protected":false},"featured_media":1060,"template":"","meta":{"_acf_changed":false},"product_brand":[],"product_cat":[162,83],"product_tag":[],"class_list":{"0":"post-1059","1":"product","2":"type-product","3":"status-publish","4":"has-post-thumbnail","6":"product_cat-null","7":"product_cat-sonstiges","9":"first","10":"instock","11":"purchasable","12":"product-type-simple"},"acf":[],"_links":{"self":[{"href":"https:\/\/www.regionalis.shop\/buecher-ecke\/wp-json\/wp\/v2\/product\/1059","targetHints":{"allow":["GET"]}}],"collection":[{"href":"https:\/\/www.regionalis.shop\/buecher-ecke\/wp-json\/wp\/v2\/product"}],"about":[{"href":"https:\/\/www.regionalis.shop\/buecher-ecke\/wp-json\/wp\/v2\/types\/product"}],"wp:featuredmedia":[{"embeddable":true,"href":"https:\/\/www.regionalis.shop\/buecher-ecke\/wp-json\/wp\/v2\/media\/1060"}],"wp:attachment":[{"href":"https:\/\/www.regionalis.shop\/buecher-ecke\/wp-json\/wp\/v2\/media?parent=1059"}],"wp:term":[{"taxonomy":"product_brand","embeddable":true,"href":"https:\/\/www.regionalis.shop\/buecher-ecke\/wp-json\/wp\/v2\/product_brand?post=1059"},{"taxonomy":"product_cat","embeddable":true,"href":"https:\/\/www.regionalis.shop\/buecher-ecke\/wp-json\/wp\/v2\/product_cat?post=1059"},{"taxonomy":"product_tag","embeddable":true,"href":"https:\/\/www.regionalis.shop\/buecher-ecke\/wp-json\/wp\/v2\/product_tag?post=1059"}],"curies":[{"name":"wp","href":"https:\/\/api.w.org\/{rel}","templated":true}]}}