{"id":1097,"date":"2025-04-28T03:51:39","date_gmt":"2025-04-28T01:51:39","guid":{"rendered":"https:\/\/www.regionalis.shop\/cherrys-world-by-geraldine\/product\/minigeldboerse-muenztascherl-sweets\/"},"modified":"2025-04-28T03:51:39","modified_gmt":"2025-04-28T01:51:39","slug":"minigeldboerse-muenztascherl-sweets","status":"publish","type":"product","link":"https:\/\/www.regionalis.shop\/cherrys-world-by-geraldine\/shop\/minigeldboerse-muenztascherl-sweets\/","title":{"rendered":"Minigeldb\u00f6rse, M\u00fcnztascherl &#8222;Sweets&#8220;"},"content":{"rendered":"<p>Die Minigeldb\u00f6rse ist innen und aussen aus Wachstuch gen\u00e4ht. <\/p>\n<p>Das kleine Tascherl ist perfekt f\u00fcr M\u00fcnzen und Papierscheine oder Schl\u00fcssel.<\/p>\n<p>Es ist 12 cm x 6 cm klein.<\/p>\n","protected":false},"excerpt":{"rendered":"<p>Die Minigeldb\u00f6rse ist innen und aussen aus Wachstuch gen\u00e4ht. Das kleine Tascherl ist perfekt f\u00fcr M\u00fcnzen und Papierscheine oder Schl\u00fcssel. Es ist 12 cm x 6 cm klein.<\/p>\n","protected":false},"featured_media":1098,"template":"","meta":{"_acf_changed":false},"product_brand":[],"product_cat":[133,95],"product_tag":[],"class_list":{"0":"post-1097","1":"product","2":"type-product","3":"status-publish","4":"has-post-thumbnail","6":"product_cat-geldboersen-kartenhalter","7":"product_cat-taschen","9":"first","10":"instock","11":"purchasable","12":"product-type-simple"},"acf":[],"_links":{"self":[{"href":"https:\/\/www.regionalis.shop\/cherrys-world-by-geraldine\/wp-json\/wp\/v2\/product\/1097","targetHints":{"allow":["GET"]}}],"collection":[{"href":"https:\/\/www.regionalis.shop\/cherrys-world-by-geraldine\/wp-json\/wp\/v2\/product"}],"about":[{"href":"https:\/\/www.regionalis.shop\/cherrys-world-by-geraldine\/wp-json\/wp\/v2\/types\/product"}],"wp:featuredmedia":[{"embeddable":true,"href":"https:\/\/www.regionalis.shop\/cherrys-world-by-geraldine\/wp-json\/wp\/v2\/media\/1098"}],"wp:attachment":[{"href":"https:\/\/www.regionalis.shop\/cherrys-world-by-geraldine\/wp-json\/wp\/v2\/media?parent=1097"}],"wp:term":[{"taxonomy":"product_brand","embeddable":true,"href":"https:\/\/www.regionalis.shop\/cherrys-world-by-geraldine\/wp-json\/wp\/v2\/product_brand?post=1097"},{"taxonomy":"product_cat","embeddable":true,"href":"https:\/\/www.regionalis.shop\/cherrys-world-by-geraldine\/wp-json\/wp\/v2\/product_cat?post=1097"},{"taxonomy":"product_tag","embeddable":true,"href":"https:\/\/www.regionalis.shop\/cherrys-world-by-geraldine\/wp-json\/wp\/v2\/product_tag?post=1097"}],"curies":[{"name":"wp","href":"https:\/\/api.w.org\/{rel}","templated":true}]}}