{"id":1324,"date":"2025-04-18T00:46:43","date_gmt":"2025-04-17T22:46:43","guid":{"rendered":"https:\/\/www.regionalis.shop\/cherrys-world-by-geraldine\/product\/windeltasche-gelbe-suessigkeiten\/"},"modified":"2025-04-18T00:46:43","modified_gmt":"2025-04-17T22:46:43","slug":"windeltasche-gelbe-suessigkeiten","status":"publish","type":"product","link":"https:\/\/www.regionalis.shop\/cherrys-world-by-geraldine\/shop\/windeltasche-gelbe-suessigkeiten\/","title":{"rendered":"Windeltasche &#8222;Gelbe S\u00fc\u00dfigkeiten&#8220;"},"content":{"rendered":"<p>Die WIndeltasche bietet viel Platz f\u00fcr alles was man mitnehmen muss. <\/p>\n<p>&#8211; ein Fach f\u00fcr 3-4 Windeln<br \/>\n&#8211; ein Fach f\u00fcr Feuchtt\u00fccher<br \/>\n&#8211; 2 kleine F\u00e4cher f\u00fcr etwaige Cremen mit Druckknopf<br \/>\n&#8211; ein Zippfach auf der R\u00fcckseite f\u00fcr noch mehr Stauraum<\/p>\n<p>Die Windeltasche wurde aus Baumwollstoff gen\u00e4ht und nur mit d\u00fcnnen Vlies verst\u00e4rkt. Sie ist bei 40\u00b0C waschbar.<\/p>\n","protected":false},"excerpt":{"rendered":"<p>Die WIndeltasche bietet viel Platz f\u00fcr alles was man mitnehmen muss. &#8211; ein Fach f\u00fcr 3-4 Windeln &#8211; ein Fach f\u00fcr Feuchtt\u00fccher &#8211; 2 kleine F\u00e4cher f\u00fcr etwaige Cremen mit Druckknopf &#8211; ein Zippfach auf der R\u00fcckseite f\u00fcr noch mehr Stauraum Die Windeltasche wurde aus Baumwollstoff gen\u00e4ht und nur mit d\u00fcnnen Vlies verst\u00e4rkt. Sie ist &hellip; <a href=\"https:\/\/www.regionalis.shop\/cherrys-world-by-geraldine\/shop\/windeltasche-gelbe-suessigkeiten\/\">Continued<\/a><\/p>\n","protected":false},"featured_media":1325,"template":"","meta":{"_acf_changed":false},"product_brand":[],"product_cat":[107,38],"product_tag":[],"class_list":{"0":"post-1324","1":"product","2":"type-product","3":"status-publish","4":"has-post-thumbnail","6":"product_cat-accessoires-baby-kinder","7":"product_cat-baby-kinder","9":"first","10":"instock","11":"purchasable","12":"product-type-simple"},"acf":[],"_links":{"self":[{"href":"https:\/\/www.regionalis.shop\/cherrys-world-by-geraldine\/wp-json\/wp\/v2\/product\/1324","targetHints":{"allow":["GET"]}}],"collection":[{"href":"https:\/\/www.regionalis.shop\/cherrys-world-by-geraldine\/wp-json\/wp\/v2\/product"}],"about":[{"href":"https:\/\/www.regionalis.shop\/cherrys-world-by-geraldine\/wp-json\/wp\/v2\/types\/product"}],"wp:featuredmedia":[{"embeddable":true,"href":"https:\/\/www.regionalis.shop\/cherrys-world-by-geraldine\/wp-json\/wp\/v2\/media\/1325"}],"wp:attachment":[{"href":"https:\/\/www.regionalis.shop\/cherrys-world-by-geraldine\/wp-json\/wp\/v2\/media?parent=1324"}],"wp:term":[{"taxonomy":"product_brand","embeddable":true,"href":"https:\/\/www.regionalis.shop\/cherrys-world-by-geraldine\/wp-json\/wp\/v2\/product_brand?post=1324"},{"taxonomy":"product_cat","embeddable":true,"href":"https:\/\/www.regionalis.shop\/cherrys-world-by-geraldine\/wp-json\/wp\/v2\/product_cat?post=1324"},{"taxonomy":"product_tag","embeddable":true,"href":"https:\/\/www.regionalis.shop\/cherrys-world-by-geraldine\/wp-json\/wp\/v2\/product_tag?post=1324"}],"curies":[{"name":"wp","href":"https:\/\/api.w.org\/{rel}","templated":true}]}}