{"id":1058,"date":"2025-04-18T10:52:43","date_gmt":"2025-04-18T08:52:43","guid":{"rendered":"https:\/\/www.regionalis.shop\/christinas-einzelstuecke\/product\/muttertags-geschenk-ausfuellbild-a4-pdf-digital-oder-als-druck-auch-oma\/"},"modified":"2025-04-18T10:52:43","modified_gmt":"2025-04-18T08:52:43","slug":"muttertags-geschenk-ausfuellbild-a4-pdf-digital-oder-als-druck-auch-oma","status":"publish","type":"product","link":"https:\/\/www.regionalis.shop\/christinas-einzelstuecke\/shop\/muttertags-geschenk-ausfuellbild-a4-pdf-digital-oder-als-druck-auch-oma\/","title":{"rendered":"Muttertags-Geschenk | Ausf\u00fcllbild A4 | PDF | digital oder als Druck | auch Oma"},"content":{"rendered":"<p>Du bist auf der Suche nach einem pers\u00f6nlichen Muttertags Geschenk? Dann ist dieses Muttertags Bild genau das Richtige f\u00fcr dich. Einfach ausdrucken, gemeinsam mit deinem Kind ausf\u00fcllen, Bild zeichnen lassen, in einen A4 Rahmen geben und verschenken. <\/p>\n<p>Das Muttertags-Ausf\u00fcllbild wird nach Zahlungseingang per E-Mail als PDF, zum selber Ausdrucken, verschickt. Die Datei kann mehrmals verwendet werden jedoch nur f\u00fcr den privaten Gebrauch. Das beste Ergebnis erh\u00e4lt man, wenn man in hoher Qualit\u00e4t auf etwas dickeres Papier druckt. (ab 100g\/m\u00b2) Nat\u00fcrlich kann auch ganz normales Druckerpapier verwendet werden. <\/p>\n<p>Das Bild gibt es als Variante auch f\u00fcr Omas, Papas und Opas.<\/p>\n<p>Das Bild ist im Format DIN A4 (29,7&#215;21,0cm). Es wird kein physisches Produkt geliefert. Der Rahmen ist nicht in der Bestellung inkludiert.<\/p>\n<p>Du bekommst:<br \/>\n1  PDF mit dem Ausf\u00fcllbild<br \/>\ninkl. Anleitung + Tipps zum Drucken<\/p>\n<p>Als Produktvariante kann man das Ausf\u00fcllbild auch per Post bestellen. Dieses wird dann von mir auf hochwertiges 250g\/m\u00b2 Papier (matt) gedruckt und versendet. Hier kommt ein Aufpreis von 6,00 dazu. (inkl. Versand) Der Versand betr\u00e4gt dann 3-5 Werktage. Das Produkt wird ohne Rahmen geliefert.<\/p>\n<p>Aufgrund von verschiedenen Bildschirmdarstellungen kann es zu Abweichungen von den Fotos kommen. <\/p>\n<p>Digitale Artikel k\u00f6nnen nicht zur\u00fcckgegeben werden und werden daher auch nicht r\u00fcckerstattet.<\/p>\n<p>Gerne kannst du mich auf Instagram besuchen: @christinas_einzelstuecke<\/p>\n","protected":false},"excerpt":{"rendered":"<p>Du bist auf der Suche nach einem pers\u00f6nlichen Muttertags Geschenk? Dann ist dieses Muttertags Bild genau das Richtige f\u00fcr dich. Einfach ausdrucken, gemeinsam mit deinem Kind ausf\u00fcllen, Bild zeichnen lassen, in einen A4 Rahmen geben und verschenken. Das Muttertags-Ausf\u00fcllbild wird nach Zahlungseingang per E-Mail als PDF, zum selber Ausdrucken, verschickt. Die Datei kann mehrmals verwendet &hellip; <a href=\"https:\/\/www.regionalis.shop\/christinas-einzelstuecke\/shop\/muttertags-geschenk-ausfuellbild-a4-pdf-digital-oder-als-druck-auch-oma\/\">Continued<\/a><\/p>\n","protected":false},"featured_media":1059,"template":"","meta":{"_acf_changed":false},"product_brand":[],"product_cat":[134,62],"product_tag":[],"class_list":{"0":"post-1058","1":"product","2":"type-product","3":"status-publish","4":"has-post-thumbnail","6":"product_cat-geschenk-gruskarten","7":"product_cat-papeterie-schreibwaren","9":"first","10":"instock","11":"purchasable","12":"product-type-simple"},"acf":[],"_links":{"self":[{"href":"https:\/\/www.regionalis.shop\/christinas-einzelstuecke\/wp-json\/wp\/v2\/product\/1058","targetHints":{"allow":["GET"]}}],"collection":[{"href":"https:\/\/www.regionalis.shop\/christinas-einzelstuecke\/wp-json\/wp\/v2\/product"}],"about":[{"href":"https:\/\/www.regionalis.shop\/christinas-einzelstuecke\/wp-json\/wp\/v2\/types\/product"}],"wp:featuredmedia":[{"embeddable":true,"href":"https:\/\/www.regionalis.shop\/christinas-einzelstuecke\/wp-json\/wp\/v2\/media\/1059"}],"wp:attachment":[{"href":"https:\/\/www.regionalis.shop\/christinas-einzelstuecke\/wp-json\/wp\/v2\/media?parent=1058"}],"wp:term":[{"taxonomy":"product_brand","embeddable":true,"href":"https:\/\/www.regionalis.shop\/christinas-einzelstuecke\/wp-json\/wp\/v2\/product_brand?post=1058"},{"taxonomy":"product_cat","embeddable":true,"href":"https:\/\/www.regionalis.shop\/christinas-einzelstuecke\/wp-json\/wp\/v2\/product_cat?post=1058"},{"taxonomy":"product_tag","embeddable":true,"href":"https:\/\/www.regionalis.shop\/christinas-einzelstuecke\/wp-json\/wp\/v2\/product_tag?post=1058"}],"curies":[{"name":"wp","href":"https:\/\/api.w.org\/{rel}","templated":true}]}}