{"id":1082,"date":"2025-04-18T08:08:01","date_gmt":"2025-04-18T06:08:01","guid":{"rendered":"https:\/\/www.regionalis.shop\/christinas-einzelstuecke\/product\/fotoanhaenger-personalisiert-schoenes-geschenk-schwarz-weiss\/"},"modified":"2025-04-18T08:08:01","modified_gmt":"2025-04-18T06:08:01","slug":"fotoanhaenger-personalisiert-schoenes-geschenk-schwarz-weiss","status":"publish","type":"product","link":"https:\/\/www.regionalis.shop\/christinas-einzelstuecke\/shop\/fotoanhaenger-personalisiert-schoenes-geschenk-schwarz-weiss\/","title":{"rendered":"Fotoanh\u00e4nger &#8211; personalisiert &#8211; sch\u00f6nes Geschenk &#8211; schwarz\/wei\u00df"},"content":{"rendered":"<p>Dieser handgemachte Fotoanh\u00e4nger ist ein ganz besonderes Geschenk f\u00fcr einen besonderen Anlass. Ob Geburtstag, Hochzeit, Weihnachten, Muttertag oder einfach mal so, er bringt Freude und h\u00e4lt einen besonderen Moment fest. <\/p>\n<p>ab 2 Stk. je 12,90<br \/>\nab 5 Stk. je 11,50<br \/>\nGerne k\u00f6nnen bei den Sets auch verschiedene Fotos verarbeitet werden.<\/p>\n<p>Sende mir nach deiner Bestellung einfach dein Foto in guter Qualit\u00e4t zu, ich werde das Bild minimal nachbearbeiten und auf einen Holzanh\u00e4nger\/Magnet in SCHWARZ-WEISS anbringen. (auch in Farbe m\u00f6glich &#8211; siehe Shop)<\/p>\n<p>Der Holzanh\u00e4nger hat einen Durchmesser von 6-8cm, je nach Bild und Verf\u00fcgbarkeit der Holzscheiben. Die Holzscheiben sind von mir geschnitten, geschliffen, handbemalt und mit deinem Foto veredelt. Als Aufh\u00e4ngung dient eine Juteschnur. Auf der R\u00fcckseite steht standartm\u00e4\u00dfig mein Label-Name. Auf Wunsch kann ich aber auch deine pers\u00f6nlichen Worte darauf schreiben.<\/p>\n<p>Nach Zahlungseingang beginne ich mit der Herstellung deines Fotoanh\u00e4ngers. Innerhalb 7 Werktage bringe ich dein Paket zur Post.<\/p>\n<p>Da Holz ein Naturmaterial ist, ist jeder Anh\u00e4nger ein Unikat. Manchmal  entstehen nach einiger Zeit feine Risse oder kleine St\u00fcckchen der Rinde k\u00f6nnen abfallen. Das passiert jedoch nur sehr selten und ist kein Reklamationsgrund.<\/p>\n<p>Das Motiv wird von mir per Hand angebracht. Kleine Ausfransungen am Rand sind bei dieser Technik normal. Siehe Produktbilder. <\/p>\n<p>ab 2 Stk. je 12,90<br \/>\nab 5 Stk. je 11,50<br \/>\nab 8 Stk. je 10,50<br \/>\nab 10 Stk. je 9,50<br \/>\nGerne k\u00f6nnen bei den Sets auch verschiedene Fotos verarbeitet werden.<\/p>\n<p>Folge mir gerne auch auf Instagram:<br \/>\nchristinas-einzelstuecke<\/p>\n","protected":false},"excerpt":{"rendered":"<p>Dieser handgemachte Fotoanh\u00e4nger ist ein ganz besonderes Geschenk f\u00fcr einen besonderen Anlass. Ob Geburtstag, Hochzeit, Weihnachten, Muttertag oder einfach mal so, er bringt Freude und h\u00e4lt einen besonderen Moment fest. ab 2 Stk. je 12,90 ab 5 Stk. je 11,50 Gerne k\u00f6nnen bei den Sets auch verschiedene Fotos verarbeitet werden. Sende mir nach deiner Bestellung &hellip; <a href=\"https:\/\/www.regionalis.shop\/christinas-einzelstuecke\/shop\/fotoanhaenger-personalisiert-schoenes-geschenk-schwarz-weiss\/\">Continued<\/a><\/p>\n","protected":false},"featured_media":1083,"template":"","meta":{"_acf_changed":false},"product_brand":[],"product_cat":[173,103],"product_tag":[],"class_list":{"0":"post-1082","1":"product","2":"type-product","3":"status-publish","4":"has-post-thumbnail","6":"product_cat-weihnachten","7":"product_cat-wohnen-deko","9":"first","10":"instock","11":"purchasable","12":"product-type-simple"},"acf":[],"_links":{"self":[{"href":"https:\/\/www.regionalis.shop\/christinas-einzelstuecke\/wp-json\/wp\/v2\/product\/1082","targetHints":{"allow":["GET"]}}],"collection":[{"href":"https:\/\/www.regionalis.shop\/christinas-einzelstuecke\/wp-json\/wp\/v2\/product"}],"about":[{"href":"https:\/\/www.regionalis.shop\/christinas-einzelstuecke\/wp-json\/wp\/v2\/types\/product"}],"wp:featuredmedia":[{"embeddable":true,"href":"https:\/\/www.regionalis.shop\/christinas-einzelstuecke\/wp-json\/wp\/v2\/media\/1083"}],"wp:attachment":[{"href":"https:\/\/www.regionalis.shop\/christinas-einzelstuecke\/wp-json\/wp\/v2\/media?parent=1082"}],"wp:term":[{"taxonomy":"product_brand","embeddable":true,"href":"https:\/\/www.regionalis.shop\/christinas-einzelstuecke\/wp-json\/wp\/v2\/product_brand?post=1082"},{"taxonomy":"product_cat","embeddable":true,"href":"https:\/\/www.regionalis.shop\/christinas-einzelstuecke\/wp-json\/wp\/v2\/product_cat?post=1082"},{"taxonomy":"product_tag","embeddable":true,"href":"https:\/\/www.regionalis.shop\/christinas-einzelstuecke\/wp-json\/wp\/v2\/product_tag?post=1082"}],"curies":[{"name":"wp","href":"https:\/\/api.w.org\/{rel}","templated":true}]}}