{"id":1090,"date":"2025-04-18T07:14:36","date_gmt":"2025-04-18T05:14:36","guid":{"rendered":"https:\/\/www.regionalis.shop\/christinas-einzelstuecke\/product\/taufkerze-jonas\/"},"modified":"2025-04-18T07:14:36","modified_gmt":"2025-04-18T05:14:36","slug":"taufkerze-jonas","status":"publish","type":"product","link":"https:\/\/www.regionalis.shop\/christinas-einzelstuecke\/shop\/taufkerze-jonas\/","title":{"rendered":"Taufkerze &#8222;Jonas&#8220;"},"content":{"rendered":"<p>Diese von mir mit viel Liebe handgemachte Taufkerze ist klassisch gehalten.<br \/>\nDas silberne Kreuz aus Wachs verleiht der Kerze einen edlen Look.<\/p>\n<p>Der Name und das Datum werden personalisiert. Bitte im Bestellvorgang Namen und Datum angeben. Bei l\u00e4ngeren Namen wir die Schriftgr\u00f6\u00dfe etwas kleiner, damit der Name immer noch gut zu lesen ist. <\/p>\n<p>Taufkerze: ca 40cm lang und 4cm Durchmesser<br \/>\nmit cremefarbener Masche verziert<br \/>\nLieferung in einer Aufbewahrungsschachtel.<br \/>\nDie Kerze gibt es auch in gr\u00fcn oder rosa.<\/p>\n<p>Auf Wunsch kann auch eine kleine Kerze (12cm hoch, 6cm Durchmesser) oder eine Lebenskerze (ca 20cm hoch, 7,8cm Durchmesser) dazu passend gefertigt werden. <\/p>\n<p>Aufgrund von verschiedenen Bildschirmdarstellungen kann es zu Abweichungen von den Fotos kommen. <\/p>\n<p>Finde mich auf Instagram:<br \/>\n@christinas_einzelstuecke<\/p>\n","protected":false},"excerpt":{"rendered":"<p>Diese von mir mit viel Liebe handgemachte Taufkerze ist klassisch gehalten. Das silberne Kreuz aus Wachs verleiht der Kerze einen edlen Look. Der Name und das Datum werden personalisiert. Bitte im Bestellvorgang Namen und Datum angeben. Bei l\u00e4ngeren Namen wir die Schriftgr\u00f6\u00dfe etwas kleiner, damit der Name immer noch gut zu lesen ist. Taufkerze: ca &hellip; <a href=\"https:\/\/www.regionalis.shop\/christinas-einzelstuecke\/shop\/taufkerze-jonas\/\">Continued<\/a><\/p>\n","protected":false},"featured_media":1091,"template":"","meta":{"_acf_changed":false},"product_brand":[],"product_cat":[107,38],"product_tag":[],"class_list":{"0":"post-1090","1":"product","2":"type-product","3":"status-publish","4":"has-post-thumbnail","6":"product_cat-accessoires-baby-kinder","7":"product_cat-baby-kinder","9":"first","10":"instock","11":"purchasable","12":"product-type-simple"},"acf":[],"_links":{"self":[{"href":"https:\/\/www.regionalis.shop\/christinas-einzelstuecke\/wp-json\/wp\/v2\/product\/1090","targetHints":{"allow":["GET"]}}],"collection":[{"href":"https:\/\/www.regionalis.shop\/christinas-einzelstuecke\/wp-json\/wp\/v2\/product"}],"about":[{"href":"https:\/\/www.regionalis.shop\/christinas-einzelstuecke\/wp-json\/wp\/v2\/types\/product"}],"wp:featuredmedia":[{"embeddable":true,"href":"https:\/\/www.regionalis.shop\/christinas-einzelstuecke\/wp-json\/wp\/v2\/media\/1091"}],"wp:attachment":[{"href":"https:\/\/www.regionalis.shop\/christinas-einzelstuecke\/wp-json\/wp\/v2\/media?parent=1090"}],"wp:term":[{"taxonomy":"product_brand","embeddable":true,"href":"https:\/\/www.regionalis.shop\/christinas-einzelstuecke\/wp-json\/wp\/v2\/product_brand?post=1090"},{"taxonomy":"product_cat","embeddable":true,"href":"https:\/\/www.regionalis.shop\/christinas-einzelstuecke\/wp-json\/wp\/v2\/product_cat?post=1090"},{"taxonomy":"product_tag","embeddable":true,"href":"https:\/\/www.regionalis.shop\/christinas-einzelstuecke\/wp-json\/wp\/v2\/product_tag?post=1090"}],"curies":[{"name":"wp","href":"https:\/\/api.w.org\/{rel}","templated":true}]}}