{"id":1151,"date":"2025-04-18T02:52:36","date_gmt":"2025-04-18T00:52:36","guid":{"rendered":"https:\/\/www.regionalis.shop\/christinas-einzelstuecke\/product\/herzerlschild-blumen-beste-mama-geschenk\/"},"modified":"2025-04-18T02:52:36","modified_gmt":"2025-04-18T00:52:36","slug":"herzerlschild-blumen-beste-mama-geschenk","status":"publish","type":"product","link":"https:\/\/www.regionalis.shop\/christinas-einzelstuecke\/shop\/herzerlschild-blumen-beste-mama-geschenk\/","title":{"rendered":"Herzerlschild Blumen &#8222;beste Mama&#8220;- Geschenk"},"content":{"rendered":"<p>Diese handges\u00e4gte Herzerl-Schild ist liebevoll erdacht und eignet sich ideal als Geschenk zum Geburtstag deiner Mama.<\/p>\n<p>Es ist ca. 10-14 cm gro\u00df und hat eine wei\u00dfe Schnur zum Aufh\u00e4ngen. Das Motiv ist mit Serviettentechnik auf das wei\u00dfe Holzschild angebracht. Der Schriftzug &#8222;Du bist die beste Mama der Welt!&#8220; ist handgeschrieben.<\/p>\n<p> Abweichungen vom Foto sind m\u00f6glich. <\/p>\n<p>Besuche mich auf Instagram:<br \/>\n @christinas_einzelstuecke<\/p>\n","protected":false},"excerpt":{"rendered":"<p>Diese handges\u00e4gte Herzerl-Schild ist liebevoll erdacht und eignet sich ideal als Geschenk zum Geburtstag deiner Mama. Es ist ca. 10-14 cm gro\u00df und hat eine wei\u00dfe Schnur zum Aufh\u00e4ngen. Das Motiv ist mit Serviettentechnik auf das wei\u00dfe Holzschild angebracht. Der Schriftzug &#8222;Du bist die beste Mama der Welt!&#8220; ist handgeschrieben. Abweichungen vom Foto sind m\u00f6glich. &hellip; <a href=\"https:\/\/www.regionalis.shop\/christinas-einzelstuecke\/shop\/herzerlschild-blumen-beste-mama-geschenk\/\">Continued<\/a><\/p>\n","protected":false},"featured_media":1152,"template":"","meta":{"_acf_changed":false},"product_brand":[],"product_cat":[174,103],"product_tag":[],"class_list":{"0":"post-1151","1":"product","2":"type-product","3":"status-publish","4":"has-post-thumbnail","6":"product_cat-wohndekoration","7":"product_cat-wohnen-deko","9":"first","10":"instock","11":"purchasable","12":"product-type-simple"},"acf":[],"_links":{"self":[{"href":"https:\/\/www.regionalis.shop\/christinas-einzelstuecke\/wp-json\/wp\/v2\/product\/1151","targetHints":{"allow":["GET"]}}],"collection":[{"href":"https:\/\/www.regionalis.shop\/christinas-einzelstuecke\/wp-json\/wp\/v2\/product"}],"about":[{"href":"https:\/\/www.regionalis.shop\/christinas-einzelstuecke\/wp-json\/wp\/v2\/types\/product"}],"wp:featuredmedia":[{"embeddable":true,"href":"https:\/\/www.regionalis.shop\/christinas-einzelstuecke\/wp-json\/wp\/v2\/media\/1152"}],"wp:attachment":[{"href":"https:\/\/www.regionalis.shop\/christinas-einzelstuecke\/wp-json\/wp\/v2\/media?parent=1151"}],"wp:term":[{"taxonomy":"product_brand","embeddable":true,"href":"https:\/\/www.regionalis.shop\/christinas-einzelstuecke\/wp-json\/wp\/v2\/product_brand?post=1151"},{"taxonomy":"product_cat","embeddable":true,"href":"https:\/\/www.regionalis.shop\/christinas-einzelstuecke\/wp-json\/wp\/v2\/product_cat?post=1151"},{"taxonomy":"product_tag","embeddable":true,"href":"https:\/\/www.regionalis.shop\/christinas-einzelstuecke\/wp-json\/wp\/v2\/product_tag?post=1151"}],"curies":[{"name":"wp","href":"https:\/\/api.w.org\/{rel}","templated":true}]}}