{"id":1158,"date":"2025-04-18T02:52:36","date_gmt":"2025-04-18T00:52:36","guid":{"rendered":"https:\/\/www.regionalis.shop\/christinas-einzelstuecke\/product\/holzschild-beste-mama-handgeschrieben\/"},"modified":"2025-04-18T02:52:36","modified_gmt":"2025-04-18T00:52:36","slug":"holzschild-beste-mama-handgeschrieben","status":"publish","type":"product","link":"https:\/\/www.regionalis.shop\/christinas-einzelstuecke\/shop\/holzschild-beste-mama-handgeschrieben\/","title":{"rendered":"Holzschild &#8211; beste Mama (handgeschrieben)"},"content":{"rendered":"<p>Das Holzschild voller Herzen ist von mir mit viel Liebe entworfen und handgemacht. Es ist ein sch\u00f6nes Geschenk zum Muttertag.<\/p>\n<p>Das Schild ist ca 14x21cm gro\u00df. Es ist mit Serviettentechnik verziert, handbeschreiben und hat eine wei\u00dfe Schnur zum Aufh\u00e4ngen. <\/p>\n<p>Abweichungen vom Bild sind aufgrund verschiedener Bildschirmdarstellungen m\u00f6glich. <\/p>\n<p>Folge mir gerne auch auf Instagram:<br \/>\n@christinas_einzelstuecke<\/p>\n","protected":false},"excerpt":{"rendered":"<p>Das Holzschild voller Herzen ist von mir mit viel Liebe entworfen und handgemacht. Es ist ein sch\u00f6nes Geschenk zum Muttertag. Das Schild ist ca 14x21cm gro\u00df. Es ist mit Serviettentechnik verziert, handbeschreiben und hat eine wei\u00dfe Schnur zum Aufh\u00e4ngen. Abweichungen vom Bild sind aufgrund verschiedener Bildschirmdarstellungen m\u00f6glich. Folge mir gerne auch auf Instagram: @christinas_einzelstuecke<\/p>\n","protected":false},"featured_media":1159,"template":"","meta":{"_acf_changed":false},"product_brand":[],"product_cat":[174,103],"product_tag":[],"class_list":{"0":"post-1158","1":"product","2":"type-product","3":"status-publish","4":"has-post-thumbnail","6":"product_cat-wohndekoration","7":"product_cat-wohnen-deko","9":"first","10":"instock","11":"purchasable","12":"product-type-simple"},"acf":[],"_links":{"self":[{"href":"https:\/\/www.regionalis.shop\/christinas-einzelstuecke\/wp-json\/wp\/v2\/product\/1158","targetHints":{"allow":["GET"]}}],"collection":[{"href":"https:\/\/www.regionalis.shop\/christinas-einzelstuecke\/wp-json\/wp\/v2\/product"}],"about":[{"href":"https:\/\/www.regionalis.shop\/christinas-einzelstuecke\/wp-json\/wp\/v2\/types\/product"}],"wp:featuredmedia":[{"embeddable":true,"href":"https:\/\/www.regionalis.shop\/christinas-einzelstuecke\/wp-json\/wp\/v2\/media\/1159"}],"wp:attachment":[{"href":"https:\/\/www.regionalis.shop\/christinas-einzelstuecke\/wp-json\/wp\/v2\/media?parent=1158"}],"wp:term":[{"taxonomy":"product_brand","embeddable":true,"href":"https:\/\/www.regionalis.shop\/christinas-einzelstuecke\/wp-json\/wp\/v2\/product_brand?post=1158"},{"taxonomy":"product_cat","embeddable":true,"href":"https:\/\/www.regionalis.shop\/christinas-einzelstuecke\/wp-json\/wp\/v2\/product_cat?post=1158"},{"taxonomy":"product_tag","embeddable":true,"href":"https:\/\/www.regionalis.shop\/christinas-einzelstuecke\/wp-json\/wp\/v2\/product_tag?post=1158"}],"curies":[{"name":"wp","href":"https:\/\/api.w.org\/{rel}","templated":true}]}}