{"id":1052,"date":"2025-04-18T02:56:48","date_gmt":"2025-04-18T00:56:48","guid":{"rendered":"https:\/\/www.regionalis.shop\/crafte-by-evelyn\/product\/brotkorbsackerl\/"},"modified":"2025-04-18T02:56:48","modified_gmt":"2025-04-18T00:56:48","slug":"brotkorbsackerl","status":"publish","type":"product","link":"https:\/\/www.regionalis.shop\/crafte-by-evelyn\/shop\/brotkorbsackerl\/","title":{"rendered":"Brotkorbsackerl"},"content":{"rendered":"<p>Mit diesem Bortkorbsackerl haben Sie nicht nur einen wundersch\u00f6nen Brotkorb f\u00fcr Ihren Fr\u00fchst\u00fcckstisch sondern k\u00f6nnen auch direkt damit zum B\u00e4cker einkaufen gehen. So sparen sie nicht nur Zeit beim umschlichten sondern auch Papier.<br \/>\nWenn Sie mit dem Einkauf nach Hause kommen wird der obere Stoff auf der Seite in das K\u00f6rbchen gesteckt und fertig ist der Brotkorb f\u00fcr den Tisch.<br \/>\nUm die Br\u00f6sel aus dem Brotkorbsackerl heraus zu bekommen kann der innenteil nach Au\u00dfen gest\u00fclpt werden. <\/p>\n<p>Beide Stoffe aus Baumwolle<br \/>\nbei 40\u00b0C waschbar<br \/>\nAbmessungen Brotkorb: 25x25x12 cm<br \/>\nAbmessungen Brotkorbsackerl: 25x25x45 cm<\/p>\n","protected":false},"excerpt":{"rendered":"<p>Mit diesem Bortkorbsackerl haben Sie nicht nur einen wundersch\u00f6nen Brotkorb f\u00fcr Ihren Fr\u00fchst\u00fcckstisch sondern k\u00f6nnen auch direkt damit zum B\u00e4cker einkaufen gehen. So sparen sie nicht nur Zeit beim umschlichten sondern auch Papier. Wenn Sie mit dem Einkauf nach Hause kommen wird der obere Stoff auf der Seite in das K\u00f6rbchen gesteckt und fertig ist &hellip; <a href=\"https:\/\/www.regionalis.shop\/crafte-by-evelyn\/shop\/brotkorbsackerl\/\">Continued<\/a><\/p>\n","protected":false},"featured_media":1053,"template":"","meta":{"_acf_changed":false},"product_brand":[],"product_cat":[160,103],"product_tag":[],"class_list":{"0":"post-1052","1":"product","2":"type-product","3":"status-publish","4":"has-post-thumbnail","6":"product_cat-nachhaltiger-haushalt","7":"product_cat-wohnen-deko","9":"first","10":"instock","11":"purchasable","12":"product-type-simple"},"acf":[],"_links":{"self":[{"href":"https:\/\/www.regionalis.shop\/crafte-by-evelyn\/wp-json\/wp\/v2\/product\/1052","targetHints":{"allow":["GET"]}}],"collection":[{"href":"https:\/\/www.regionalis.shop\/crafte-by-evelyn\/wp-json\/wp\/v2\/product"}],"about":[{"href":"https:\/\/www.regionalis.shop\/crafte-by-evelyn\/wp-json\/wp\/v2\/types\/product"}],"wp:featuredmedia":[{"embeddable":true,"href":"https:\/\/www.regionalis.shop\/crafte-by-evelyn\/wp-json\/wp\/v2\/media\/1053"}],"wp:attachment":[{"href":"https:\/\/www.regionalis.shop\/crafte-by-evelyn\/wp-json\/wp\/v2\/media?parent=1052"}],"wp:term":[{"taxonomy":"product_brand","embeddable":true,"href":"https:\/\/www.regionalis.shop\/crafte-by-evelyn\/wp-json\/wp\/v2\/product_brand?post=1052"},{"taxonomy":"product_cat","embeddable":true,"href":"https:\/\/www.regionalis.shop\/crafte-by-evelyn\/wp-json\/wp\/v2\/product_cat?post=1052"},{"taxonomy":"product_tag","embeddable":true,"href":"https:\/\/www.regionalis.shop\/crafte-by-evelyn\/wp-json\/wp\/v2\/product_tag?post=1052"}],"curies":[{"name":"wp","href":"https:\/\/api.w.org\/{rel}","templated":true}]}}