{"id":1055,"date":"2025-04-18T02:56:48","date_gmt":"2025-04-18T00:56:48","guid":{"rendered":"https:\/\/www.regionalis.shop\/crafte-by-evelyn\/product\/kirschkernkissen-7\/"},"modified":"2025-04-18T02:56:48","modified_gmt":"2025-04-18T00:56:48","slug":"kirschkernkissen-7","status":"publish","type":"product","link":"https:\/\/www.regionalis.shop\/crafte-by-evelyn\/shop\/kirschkernkissen-7\/","title":{"rendered":"Kirschkernkissen"},"content":{"rendered":"<p>Kirschkernkissen in Jerseystoff. F\u00fcr Babys, Kinder und Erwachsene geeignet. Funktioniert zum K\u00fchlen und W\u00e4rmen.<\/p>\n<p>14\u00d714 cm ca.200 Gramm<br \/>\nHandgefertigt<br \/>\nFu\u00dfballmotiv<br \/>\nKann bei 40\u00b0C gewaschen werden<br \/>\nAndere Farben\/ Muster auf Anfrage m\u00f6glich<\/p>\n","protected":false},"excerpt":{"rendered":"<p>Kirschkernkissen in Jerseystoff. F\u00fcr Babys, Kinder und Erwachsene geeignet. Funktioniert zum K\u00fchlen und W\u00e4rmen. 14\u00d714 cm ca.200 Gramm Handgefertigt Fu\u00dfballmotiv Kann bei 40\u00b0C gewaschen werden Andere Farben\/ Muster auf Anfrage m\u00f6glich<\/p>\n","protected":false},"featured_media":1056,"template":"","meta":{"_acf_changed":false},"product_brand":[],"product_cat":[38,80],"product_tag":[],"class_list":{"0":"post-1055","1":"product","2":"type-product","3":"status-publish","4":"has-post-thumbnail","6":"product_cat-baby-kinder","7":"product_cat-sonstiges-baby-kinder","9":"first","10":"instock","11":"purchasable","12":"product-type-simple"},"acf":[],"_links":{"self":[{"href":"https:\/\/www.regionalis.shop\/crafte-by-evelyn\/wp-json\/wp\/v2\/product\/1055","targetHints":{"allow":["GET"]}}],"collection":[{"href":"https:\/\/www.regionalis.shop\/crafte-by-evelyn\/wp-json\/wp\/v2\/product"}],"about":[{"href":"https:\/\/www.regionalis.shop\/crafte-by-evelyn\/wp-json\/wp\/v2\/types\/product"}],"wp:featuredmedia":[{"embeddable":true,"href":"https:\/\/www.regionalis.shop\/crafte-by-evelyn\/wp-json\/wp\/v2\/media\/1056"}],"wp:attachment":[{"href":"https:\/\/www.regionalis.shop\/crafte-by-evelyn\/wp-json\/wp\/v2\/media?parent=1055"}],"wp:term":[{"taxonomy":"product_brand","embeddable":true,"href":"https:\/\/www.regionalis.shop\/crafte-by-evelyn\/wp-json\/wp\/v2\/product_brand?post=1055"},{"taxonomy":"product_cat","embeddable":true,"href":"https:\/\/www.regionalis.shop\/crafte-by-evelyn\/wp-json\/wp\/v2\/product_cat?post=1055"},{"taxonomy":"product_tag","embeddable":true,"href":"https:\/\/www.regionalis.shop\/crafte-by-evelyn\/wp-json\/wp\/v2\/product_tag?post=1055"}],"curies":[{"name":"wp","href":"https:\/\/api.w.org\/{rel}","templated":true}]}}