{"id":1070,"date":"2025-04-18T06:45:30","date_gmt":"2025-04-18T04:45:30","guid":{"rendered":"https:\/\/www.regionalis.shop\/crochettie\/product\/tischset-rund-in-natur\/"},"modified":"2025-04-18T06:45:30","modified_gmt":"2025-04-18T04:45:30","slug":"tischset-rund-in-natur","status":"publish","type":"product","link":"https:\/\/www.regionalis.shop\/crochettie\/shop\/tischset-rund-in-natur\/","title":{"rendered":"Tischset rund in natur"},"content":{"rendered":"<p>Tischset rund in der Farbe natur &#8211; geh\u00e4kelt<\/p>\n<p>Tischset rund mit viel Liebe geh\u00e4kelt, kann auch als Untersetzer f\u00fcr Kerzen oder Blumen verwendet werden.<\/p>\n","protected":false},"excerpt":{"rendered":"<p>Tischset rund in der Farbe natur &#8211; geh\u00e4kelt Tischset rund mit viel Liebe geh\u00e4kelt, kann auch als Untersetzer f\u00fcr Kerzen oder Blumen verwendet werden.<\/p>\n","protected":false},"featured_media":1071,"template":"","meta":{"_acf_changed":false},"product_brand":[],"product_cat":[174,103],"product_tag":[],"class_list":{"0":"post-1070","1":"product","2":"type-product","3":"status-publish","4":"has-post-thumbnail","6":"product_cat-wohndekoration","7":"product_cat-wohnen-deko","9":"first","10":"instock","11":"purchasable","12":"product-type-simple"},"acf":[],"_links":{"self":[{"href":"https:\/\/www.regionalis.shop\/crochettie\/wp-json\/wp\/v2\/product\/1070","targetHints":{"allow":["GET"]}}],"collection":[{"href":"https:\/\/www.regionalis.shop\/crochettie\/wp-json\/wp\/v2\/product"}],"about":[{"href":"https:\/\/www.regionalis.shop\/crochettie\/wp-json\/wp\/v2\/types\/product"}],"wp:featuredmedia":[{"embeddable":true,"href":"https:\/\/www.regionalis.shop\/crochettie\/wp-json\/wp\/v2\/media\/1071"}],"wp:attachment":[{"href":"https:\/\/www.regionalis.shop\/crochettie\/wp-json\/wp\/v2\/media?parent=1070"}],"wp:term":[{"taxonomy":"product_brand","embeddable":true,"href":"https:\/\/www.regionalis.shop\/crochettie\/wp-json\/wp\/v2\/product_brand?post=1070"},{"taxonomy":"product_cat","embeddable":true,"href":"https:\/\/www.regionalis.shop\/crochettie\/wp-json\/wp\/v2\/product_cat?post=1070"},{"taxonomy":"product_tag","embeddable":true,"href":"https:\/\/www.regionalis.shop\/crochettie\/wp-json\/wp\/v2\/product_tag?post=1070"}],"curies":[{"name":"wp","href":"https:\/\/api.w.org\/{rel}","templated":true}]}}