{"id":1117,"date":"2025-04-28T03:23:22","date_gmt":"2025-04-28T01:23:22","guid":{"rendered":"https:\/\/www.regionalis.shop\/dg-design\/product\/anzugsfliege-deep-black\/"},"modified":"2025-04-28T03:23:22","modified_gmt":"2025-04-28T01:23:22","slug":"anzugsfliege-deep-black","status":"publish","type":"product","link":"https:\/\/www.regionalis.shop\/dg-design\/shop\/anzugsfliege-deep-black\/","title":{"rendered":"Anzugsfliege &#8222;Deep Black&#8220;"},"content":{"rendered":"<p>&#8222;Die DG-Design Anzugsfliegen werden aus echtem Naturstein in \u00d6sterreich handgefertigt. Leicht, flexibel, robust und dennoch ein einzigartiges und unverwechselbares Design f\u00fcr deine Anzugsfliege. Jede Anzugsfliege ist ein einzigartiges Meisterst\u00fcck. <\/p>\n<p>Einzigartiges Design aus echtem Naturstein Felsgestein wird auf der Oberseite und Unterseite befestigt Anzugsfliege kann leicht gebogen werden finde deinen perfekten Style&#8220;<\/p>\n","protected":false},"excerpt":{"rendered":"<p>&#8222;Die DG-Design Anzugsfliegen werden aus echtem Naturstein in \u00d6sterreich handgefertigt. Leicht, flexibel, robust und dennoch ein einzigartiges und unverwechselbares Design f\u00fcr deine Anzugsfliege. Jede Anzugsfliege ist ein einzigartiges Meisterst\u00fcck. Einzigartiges Design aus echtem Naturstein Felsgestein wird auf der Oberseite und Unterseite befestigt Anzugsfliege kann leicht gebogen werden finde deinen perfekten Style&#8220;<\/p>\n","protected":false},"featured_media":1118,"template":"","meta":{"_acf_changed":false},"product_brand":[],"product_cat":[37,59],"product_tag":[],"class_list":{"0":"post-1117","1":"product","2":"type-product","3":"status-publish","4":"has-post-thumbnail","6":"product_cat-accessoires","7":"product_cat-mascherl-krawatten","9":"first","10":"instock","11":"purchasable","12":"product-type-simple"},"acf":[],"_links":{"self":[{"href":"https:\/\/www.regionalis.shop\/dg-design\/wp-json\/wp\/v2\/product\/1117","targetHints":{"allow":["GET"]}}],"collection":[{"href":"https:\/\/www.regionalis.shop\/dg-design\/wp-json\/wp\/v2\/product"}],"about":[{"href":"https:\/\/www.regionalis.shop\/dg-design\/wp-json\/wp\/v2\/types\/product"}],"wp:featuredmedia":[{"embeddable":true,"href":"https:\/\/www.regionalis.shop\/dg-design\/wp-json\/wp\/v2\/media\/1118"}],"wp:attachment":[{"href":"https:\/\/www.regionalis.shop\/dg-design\/wp-json\/wp\/v2\/media?parent=1117"}],"wp:term":[{"taxonomy":"product_brand","embeddable":true,"href":"https:\/\/www.regionalis.shop\/dg-design\/wp-json\/wp\/v2\/product_brand?post=1117"},{"taxonomy":"product_cat","embeddable":true,"href":"https:\/\/www.regionalis.shop\/dg-design\/wp-json\/wp\/v2\/product_cat?post=1117"},{"taxonomy":"product_tag","embeddable":true,"href":"https:\/\/www.regionalis.shop\/dg-design\/wp-json\/wp\/v2\/product_tag?post=1117"}],"curies":[{"name":"wp","href":"https:\/\/api.w.org\/{rel}","templated":true}]}}