{"id":1064,"date":"2025-04-18T09:32:38","date_gmt":"2025-04-18T07:32:38","guid":{"rendered":"https:\/\/www.regionalis.shop\/doaf-soaf-naturseifen\/product\/lippenpflege\/"},"modified":"2025-04-18T09:32:38","modified_gmt":"2025-04-18T07:32:38","slug":"lippenpflege","status":"publish","type":"product","link":"https:\/\/www.regionalis.shop\/doaf-soaf-naturseifen\/shop\/lippenpflege\/","title":{"rendered":"Lippenpflege"},"content":{"rendered":"<p>Die Lippenpflege von DoafSoaf pflegt empfindliche, trockene Lippen und sch\u00fctzt sie vor Umwelteinfl\u00fcssen. Hochwertige Bio \u00d6le und Bienenwachs spenden Feuchtigkeit und sorgen f\u00fcr ein langanhaltendes zartes Gef\u00fchl.<\/p>\n<p>&#8211;INHALTSSTOFFE:&#8211; Kokos\u00f6l BIO, Sheabutter BIO, Bienenwachs, Jojoba\u00f6l BIO, nat\u00fcrliches Vitamin E<\/p>\n","protected":false},"excerpt":{"rendered":"<p>Die Lippenpflege von DoafSoaf pflegt empfindliche, trockene Lippen und sch\u00fctzt sie vor Umwelteinfl\u00fcssen. Hochwertige Bio \u00d6le und Bienenwachs spenden Feuchtigkeit und sorgen f\u00fcr ein langanhaltendes zartes Gef\u00fchl. &#8211;INHALTSSTOFFE:&#8211; Kokos\u00f6l BIO, Sheabutter BIO, Bienenwachs, Jojoba\u00f6l BIO, nat\u00fcrliches Vitamin E<\/p>\n","protected":false},"featured_media":1065,"template":"","meta":{"_acf_changed":false},"product_brand":[],"product_cat":[52,56],"product_tag":[],"class_list":{"0":"post-1064","1":"product","2":"type-product","3":"status-publish","4":"has-post-thumbnail","6":"product_cat-kosmetika","7":"product_cat-lippenpflege","9":"first","10":"instock","11":"purchasable","12":"product-type-simple"},"acf":[],"_links":{"self":[{"href":"https:\/\/www.regionalis.shop\/doaf-soaf-naturseifen\/wp-json\/wp\/v2\/product\/1064","targetHints":{"allow":["GET"]}}],"collection":[{"href":"https:\/\/www.regionalis.shop\/doaf-soaf-naturseifen\/wp-json\/wp\/v2\/product"}],"about":[{"href":"https:\/\/www.regionalis.shop\/doaf-soaf-naturseifen\/wp-json\/wp\/v2\/types\/product"}],"wp:featuredmedia":[{"embeddable":true,"href":"https:\/\/www.regionalis.shop\/doaf-soaf-naturseifen\/wp-json\/wp\/v2\/media\/1065"}],"wp:attachment":[{"href":"https:\/\/www.regionalis.shop\/doaf-soaf-naturseifen\/wp-json\/wp\/v2\/media?parent=1064"}],"wp:term":[{"taxonomy":"product_brand","embeddable":true,"href":"https:\/\/www.regionalis.shop\/doaf-soaf-naturseifen\/wp-json\/wp\/v2\/product_brand?post=1064"},{"taxonomy":"product_cat","embeddable":true,"href":"https:\/\/www.regionalis.shop\/doaf-soaf-naturseifen\/wp-json\/wp\/v2\/product_cat?post=1064"},{"taxonomy":"product_tag","embeddable":true,"href":"https:\/\/www.regionalis.shop\/doaf-soaf-naturseifen\/wp-json\/wp\/v2\/product_tag?post=1064"}],"curies":[{"name":"wp","href":"https:\/\/api.w.org\/{rel}","templated":true}]}}