{"id":1133,"date":"2025-04-18T04:41:41","date_gmt":"2025-04-18T02:41:41","guid":{"rendered":"https:\/\/www.regionalis.shop\/doris-fuchs\/product\/ohrhaenger-weintraube\/"},"modified":"2025-04-18T04:41:41","modified_gmt":"2025-04-18T02:41:41","slug":"ohrhaenger-weintraube","status":"publish","type":"product","link":"https:\/\/www.regionalis.shop\/doris-fuchs\/shop\/ohrhaenger-weintraube\/","title":{"rendered":"Ohrh\u00e4nger Weintraube"},"content":{"rendered":"<p>Das Schmuckst\u00fcck f\u00fcr WeinliebhaberInnen, WinzerInnen und alle die Lust auf etwas frisches, neues haben&#8230;. und auch ein h\u00fcbsches Geschenk als Gru\u00df aus einer Weingegend.<\/p>\n<p>Edelstahl-Haken f\u00fcr Allergiker auf Wunsch m\u00f6glich<\/p>\n<p>Gr\u00f6\u00dfe ohne Haken ca 18mm<\/p>\n","protected":false},"excerpt":{"rendered":"<p>Das Schmuckst\u00fcck f\u00fcr WeinliebhaberInnen, WinzerInnen und alle die Lust auf etwas frisches, neues haben&#8230;. und auch ein h\u00fcbsches Geschenk als Gru\u00df aus einer Weingegend. Edelstahl-Haken f\u00fcr Allergiker auf Wunsch m\u00f6glich Gr\u00f6\u00dfe ohne Haken ca 18mm<\/p>\n","protected":false},"featured_media":1134,"template":"","meta":{"_acf_changed":false},"product_brand":[],"product_cat":[163,70],"product_tag":[],"class_list":{"0":"post-1133","1":"product","2":"type-product","3":"status-publish","4":"has-post-thumbnail","6":"product_cat-ohrringe","7":"product_cat-schmuck","9":"first","10":"instock","11":"purchasable","12":"product-type-simple"},"acf":[],"_links":{"self":[{"href":"https:\/\/www.regionalis.shop\/doris-fuchs\/wp-json\/wp\/v2\/product\/1133","targetHints":{"allow":["GET"]}}],"collection":[{"href":"https:\/\/www.regionalis.shop\/doris-fuchs\/wp-json\/wp\/v2\/product"}],"about":[{"href":"https:\/\/www.regionalis.shop\/doris-fuchs\/wp-json\/wp\/v2\/types\/product"}],"wp:featuredmedia":[{"embeddable":true,"href":"https:\/\/www.regionalis.shop\/doris-fuchs\/wp-json\/wp\/v2\/media\/1134"}],"wp:attachment":[{"href":"https:\/\/www.regionalis.shop\/doris-fuchs\/wp-json\/wp\/v2\/media?parent=1133"}],"wp:term":[{"taxonomy":"product_brand","embeddable":true,"href":"https:\/\/www.regionalis.shop\/doris-fuchs\/wp-json\/wp\/v2\/product_brand?post=1133"},{"taxonomy":"product_cat","embeddable":true,"href":"https:\/\/www.regionalis.shop\/doris-fuchs\/wp-json\/wp\/v2\/product_cat?post=1133"},{"taxonomy":"product_tag","embeddable":true,"href":"https:\/\/www.regionalis.shop\/doris-fuchs\/wp-json\/wp\/v2\/product_tag?post=1133"}],"curies":[{"name":"wp","href":"https:\/\/api.w.org\/{rel}","templated":true}]}}