{"id":1139,"date":"2025-04-18T04:41:05","date_gmt":"2025-04-18T02:41:05","guid":{"rendered":"https:\/\/www.regionalis.shop\/doris-fuchs\/product\/ohrhaenger-eule-aus-delica-perlen\/"},"modified":"2025-04-18T04:41:05","modified_gmt":"2025-04-18T02:41:05","slug":"ohrhaenger-eule-aus-delica-perlen","status":"publish","type":"product","link":"https:\/\/www.regionalis.shop\/doris-fuchs\/shop\/ohrhaenger-eule-aus-delica-perlen\/","title":{"rendered":"Ohrh\u00e4nger Eule aus Delica Perlen"},"content":{"rendered":"<p>Diese Ohrh\u00e4nger sind ein echter Blickfang, angenehm zu tragen, sehr leicht. F\u00fcr alle Eulenfreundinnen das ideale Geschenk. Liebevoll gefertigt aus Delica-Glasperlen.<\/p>\n<p>GH\u00f6he Eule ohne Haken ca 20mm<\/p>\n","protected":false},"excerpt":{"rendered":"<p>Diese Ohrh\u00e4nger sind ein echter Blickfang, angenehm zu tragen, sehr leicht. F\u00fcr alle Eulenfreundinnen das ideale Geschenk. Liebevoll gefertigt aus Delica-Glasperlen. GH\u00f6he Eule ohne Haken ca 20mm<\/p>\n","protected":false},"featured_media":1140,"template":"","meta":{"_acf_changed":false},"product_brand":[],"product_cat":[163,70],"product_tag":[],"class_list":{"0":"post-1139","1":"product","2":"type-product","3":"status-publish","4":"has-post-thumbnail","6":"product_cat-ohrringe","7":"product_cat-schmuck","9":"first","10":"instock","11":"purchasable","12":"product-type-simple"},"acf":[],"_links":{"self":[{"href":"https:\/\/www.regionalis.shop\/doris-fuchs\/wp-json\/wp\/v2\/product\/1139","targetHints":{"allow":["GET"]}}],"collection":[{"href":"https:\/\/www.regionalis.shop\/doris-fuchs\/wp-json\/wp\/v2\/product"}],"about":[{"href":"https:\/\/www.regionalis.shop\/doris-fuchs\/wp-json\/wp\/v2\/types\/product"}],"wp:featuredmedia":[{"embeddable":true,"href":"https:\/\/www.regionalis.shop\/doris-fuchs\/wp-json\/wp\/v2\/media\/1140"}],"wp:attachment":[{"href":"https:\/\/www.regionalis.shop\/doris-fuchs\/wp-json\/wp\/v2\/media?parent=1139"}],"wp:term":[{"taxonomy":"product_brand","embeddable":true,"href":"https:\/\/www.regionalis.shop\/doris-fuchs\/wp-json\/wp\/v2\/product_brand?post=1139"},{"taxonomy":"product_cat","embeddable":true,"href":"https:\/\/www.regionalis.shop\/doris-fuchs\/wp-json\/wp\/v2\/product_cat?post=1139"},{"taxonomy":"product_tag","embeddable":true,"href":"https:\/\/www.regionalis.shop\/doris-fuchs\/wp-json\/wp\/v2\/product_tag?post=1139"}],"curies":[{"name":"wp","href":"https:\/\/api.w.org\/{rel}","templated":true}]}}